{"id":4366,"date":"2021-12-02T13:23:50","date_gmt":"2021-12-02T13:23:50","guid":{"rendered":"https:\/\/eypar.com\/proyectos\/archivo-historico-provincial-de-guadalajara\/"},"modified":"2021-12-02T13:23:50","modified_gmt":"2021-12-02T13:23:50","slug":"archivo-historico-provincial-de-guadalajara","status":"publish","type":"project","link":"https:\/\/eypar.com\/en\/project\/archivo-historico-provincial-de-guadalajara\/","title":{"rendered":"Archivo Hist\u00f3rico Provincial de Guadalajara"},"content":{"rendered":"<p>Se ha inaugurado la nueva sede del Archivo Hist\u00f3rico Provincial de Guadalajara, en el que EYPAR ha intervenido en el suministro e instalaci\u00f3n de los armarios compactos <strong>E-DISC<\/strong>. La nueva sede ocupa una superficie total de 7.226 m2 y los archivos del dep\u00f3sito de documentaci\u00f3n suman 39.168 metros lineales. El Archivo, en la actualidad, custodia 13.374 metros lineales de documentaci\u00f3n que han sido transferidas por la administraci\u00f3n. Esta documentaci\u00f3n procede de la administraci\u00f3n estatal perif\u00e9rica y de la administraci\u00f3n auton\u00f3mica.<\/p>\n","protected":false},"excerpt":{"rendered":"<p>Se ha inaugurado la nueva sede del Archivo Hist\u00f3rico Provincial de Guadalajara, en el que EYPAR ha intervenido en el suministro e instalaci\u00f3n de los armarios compactos E-DISC. La nueva sede ocupa una superficie total de 7.226 m2 y los archivos del dep\u00f3sito de documentaci\u00f3n suman 39.168 metros lineales. El Archivo, en la actualidad, custodia [&hellip;]<\/p>\n","protected":false},"author":1,"featured_media":2685,"template":"","meta":{"_acf_changed":false,"_et_pb_use_builder":"","_et_pb_old_content":"","_et_gb_content_width":"","footnotes":""},"project_category":[],"project_tag":[],"class_list":["post-4366","project","type-project","status-publish","has-post-thumbnail","hentry"],"acf":[],"yoast_head":"<!-- This site is optimized with the Yoast SEO plugin v25.2 - https:\/\/yoast.com\/wordpress\/plugins\/seo\/ -->\n<title>Archivo Hist\u00f3rico Provincial de Guadalajara - EYPAR<\/title>\n<meta name=\"robots\" content=\"index, follow, max-snippet:-1, max-image-preview:large, max-video-preview:-1\" \/>\n<link rel=\"canonical\" href=\"https:\/\/eypar.com\/en\/proyectos\/archivo-historico-provincial-de-guadalajara\/\" \/>\n<meta property=\"og:locale\" content=\"en_US\" \/>\n<meta property=\"og:type\" content=\"article\" \/>\n<meta property=\"og:title\" content=\"Archivo Hist\u00f3rico Provincial de Guadalajara - EYPAR\" \/>\n<meta property=\"og:description\" content=\"Se ha inaugurado la nueva sede del Archivo Hist\u00f3rico Provincial de Guadalajara, en el que EYPAR ha intervenido en el suministro e instalaci\u00f3n de los armarios compactos E-DISC. La nueva sede ocupa una superficie total de 7.226 m2 y los archivos del dep\u00f3sito de documentaci\u00f3n suman 39.168 metros lineales. El Archivo, en la actualidad, custodia [&hellip;]\" \/>\n<meta property=\"og:url\" content=\"https:\/\/eypar.com\/en\/proyectos\/archivo-historico-provincial-de-guadalajara\/\" \/>\n<meta property=\"og:site_name\" content=\"EYPAR\" \/>\n<meta name=\"twitter:card\" content=\"summary_large_image\" \/>\n<script type=\"application\/ld+json\" class=\"yoast-schema-graph\">{\"@context\":\"https:\/\/schema.org\",\"@graph\":[{\"@type\":\"WebPage\",\"@id\":\"https:\/\/eypar.com\/en\/proyectos\/archivo-historico-provincial-de-guadalajara\/\",\"url\":\"https:\/\/eypar.com\/en\/proyectos\/archivo-historico-provincial-de-guadalajara\/\",\"name\":\"Archivo Hist\u00f3rico Provincial de Guadalajara - EYPAR\",\"isPartOf\":{\"@id\":\"https:\/\/eypar.com\/#website\"},\"primaryImageOfPage\":{\"@id\":\"https:\/\/eypar.com\/en\/proyectos\/archivo-historico-provincial-de-guadalajara\/#primaryimage\"},\"image\":{\"@id\":\"https:\/\/eypar.com\/en\/proyectos\/archivo-historico-provincial-de-guadalajara\/#primaryimage\"},\"thumbnailUrl\":\"https:\/\/eypar.com\/wp-content\/uploads\/2021\/12\/archivo-historico.jpg\",\"datePublished\":\"2021-12-02T13:23:50+00:00\",\"breadcrumb\":{\"@id\":\"https:\/\/eypar.com\/en\/proyectos\/archivo-historico-provincial-de-guadalajara\/#breadcrumb\"},\"inLanguage\":\"en-US\",\"potentialAction\":[{\"@type\":\"ReadAction\",\"target\":[\"https:\/\/eypar.com\/en\/proyectos\/archivo-historico-provincial-de-guadalajara\/\"]}]},{\"@type\":\"ImageObject\",\"inLanguage\":\"en-US\",\"@id\":\"https:\/\/eypar.com\/en\/proyectos\/archivo-historico-provincial-de-guadalajara\/#primaryimage\",\"url\":\"https:\/\/eypar.com\/wp-content\/uploads\/2021\/12\/archivo-historico.jpg\",\"contentUrl\":\"https:\/\/eypar.com\/wp-content\/uploads\/2021\/12\/archivo-historico.jpg\",\"width\":791,\"height\":526},{\"@type\":\"BreadcrumbList\",\"@id\":\"https:\/\/eypar.com\/en\/proyectos\/archivo-historico-provincial-de-guadalajara\/#breadcrumb\",\"itemListElement\":[{\"@type\":\"ListItem\",\"position\":1,\"name\":\"Inicio\",\"item\":\"https:\/\/eypar.com\/en\/\"},{\"@type\":\"ListItem\",\"position\":2,\"name\":\"Proyectos\",\"item\":\"https:\/\/eypar.com\/project\/\"},{\"@type\":\"ListItem\",\"position\":3,\"name\":\"Archivo Hist\u00f3rico Provincial de Guadalajara\"}]},{\"@type\":\"WebSite\",\"@id\":\"https:\/\/eypar.com\/#website\",\"url\":\"https:\/\/eypar.com\/\",\"name\":\"EYPAR\",\"description\":\"\",\"publisher\":{\"@id\":\"https:\/\/eypar.com\/#organization\"},\"potentialAction\":[{\"@type\":\"SearchAction\",\"target\":{\"@type\":\"EntryPoint\",\"urlTemplate\":\"https:\/\/eypar.com\/?s={search_term_string}\"},\"query-input\":{\"@type\":\"PropertyValueSpecification\",\"valueRequired\":true,\"valueName\":\"search_term_string\"}}],\"inLanguage\":\"en-US\"},{\"@type\":\"Organization\",\"@id\":\"https:\/\/eypar.com\/#organization\",\"name\":\"EYPAR\",\"url\":\"https:\/\/eypar.com\/\",\"logo\":{\"@type\":\"ImageObject\",\"inLanguage\":\"en-US\",\"@id\":\"https:\/\/eypar.com\/#\/schema\/logo\/image\/\",\"url\":\"https:\/\/eypar.com\/wp-content\/uploads\/2021\/12\/eypar-soluciones-almacenamiento.png\",\"contentUrl\":\"https:\/\/eypar.com\/wp-content\/uploads\/2021\/12\/eypar-soluciones-almacenamiento.png\",\"width\":304,\"height\":74,\"caption\":\"EYPAR\"},\"image\":{\"@id\":\"https:\/\/eypar.com\/#\/schema\/logo\/image\/\"}}]}<\/script>\n<!-- \/ Yoast SEO plugin. -->","yoast_head_json":{"title":"Archivo Hist\u00f3rico Provincial de Guadalajara - EYPAR","robots":{"index":"index","follow":"follow","max-snippet":"max-snippet:-1","max-image-preview":"max-image-preview:large","max-video-preview":"max-video-preview:-1"},"canonical":"https:\/\/eypar.com\/en\/proyectos\/archivo-historico-provincial-de-guadalajara\/","og_locale":"en_US","og_type":"article","og_title":"Archivo Hist\u00f3rico Provincial de Guadalajara - EYPAR","og_description":"Se ha inaugurado la nueva sede del Archivo Hist\u00f3rico Provincial de Guadalajara, en el que EYPAR ha intervenido en el suministro e instalaci\u00f3n de los armarios compactos E-DISC. La nueva sede ocupa una superficie total de 7.226 m2 y los archivos del dep\u00f3sito de documentaci\u00f3n suman 39.168 metros lineales. El Archivo, en la actualidad, custodia [&hellip;]","og_url":"https:\/\/eypar.com\/en\/proyectos\/archivo-historico-provincial-de-guadalajara\/","og_site_name":"EYPAR","twitter_card":"summary_large_image","schema":{"@context":"https:\/\/schema.org","@graph":[{"@type":"WebPage","@id":"https:\/\/eypar.com\/en\/proyectos\/archivo-historico-provincial-de-guadalajara\/","url":"https:\/\/eypar.com\/en\/proyectos\/archivo-historico-provincial-de-guadalajara\/","name":"Archivo Hist\u00f3rico Provincial de Guadalajara - EYPAR","isPartOf":{"@id":"https:\/\/eypar.com\/#website"},"primaryImageOfPage":{"@id":"https:\/\/eypar.com\/en\/proyectos\/archivo-historico-provincial-de-guadalajara\/#primaryimage"},"image":{"@id":"https:\/\/eypar.com\/en\/proyectos\/archivo-historico-provincial-de-guadalajara\/#primaryimage"},"thumbnailUrl":"https:\/\/eypar.com\/wp-content\/uploads\/2021\/12\/archivo-historico.jpg","datePublished":"2021-12-02T13:23:50+00:00","breadcrumb":{"@id":"https:\/\/eypar.com\/en\/proyectos\/archivo-historico-provincial-de-guadalajara\/#breadcrumb"},"inLanguage":"en-US","potentialAction":[{"@type":"ReadAction","target":["https:\/\/eypar.com\/en\/proyectos\/archivo-historico-provincial-de-guadalajara\/"]}]},{"@type":"ImageObject","inLanguage":"en-US","@id":"https:\/\/eypar.com\/en\/proyectos\/archivo-historico-provincial-de-guadalajara\/#primaryimage","url":"https:\/\/eypar.com\/wp-content\/uploads\/2021\/12\/archivo-historico.jpg","contentUrl":"https:\/\/eypar.com\/wp-content\/uploads\/2021\/12\/archivo-historico.jpg","width":791,"height":526},{"@type":"BreadcrumbList","@id":"https:\/\/eypar.com\/en\/proyectos\/archivo-historico-provincial-de-guadalajara\/#breadcrumb","itemListElement":[{"@type":"ListItem","position":1,"name":"Inicio","item":"https:\/\/eypar.com\/en\/"},{"@type":"ListItem","position":2,"name":"Proyectos","item":"https:\/\/eypar.com\/project\/"},{"@type":"ListItem","position":3,"name":"Archivo Hist\u00f3rico Provincial de Guadalajara"}]},{"@type":"WebSite","@id":"https:\/\/eypar.com\/#website","url":"https:\/\/eypar.com\/","name":"EYPAR","description":"","publisher":{"@id":"https:\/\/eypar.com\/#organization"},"potentialAction":[{"@type":"SearchAction","target":{"@type":"EntryPoint","urlTemplate":"https:\/\/eypar.com\/?s={search_term_string}"},"query-input":{"@type":"PropertyValueSpecification","valueRequired":true,"valueName":"search_term_string"}}],"inLanguage":"en-US"},{"@type":"Organization","@id":"https:\/\/eypar.com\/#organization","name":"EYPAR","url":"https:\/\/eypar.com\/","logo":{"@type":"ImageObject","inLanguage":"en-US","@id":"https:\/\/eypar.com\/#\/schema\/logo\/image\/","url":"https:\/\/eypar.com\/wp-content\/uploads\/2021\/12\/eypar-soluciones-almacenamiento.png","contentUrl":"https:\/\/eypar.com\/wp-content\/uploads\/2021\/12\/eypar-soluciones-almacenamiento.png","width":304,"height":74,"caption":"EYPAR"},"image":{"@id":"https:\/\/eypar.com\/#\/schema\/logo\/image\/"}}]}},"_links":{"self":[{"href":"https:\/\/eypar.com\/en\/wp-json\/wp\/v2\/project\/4366"}],"collection":[{"href":"https:\/\/eypar.com\/en\/wp-json\/wp\/v2\/project"}],"about":[{"href":"https:\/\/eypar.com\/en\/wp-json\/wp\/v2\/types\/project"}],"author":[{"embeddable":true,"href":"https:\/\/eypar.com\/en\/wp-json\/wp\/v2\/users\/1"}],"version-history":[{"count":0,"href":"https:\/\/eypar.com\/en\/wp-json\/wp\/v2\/project\/4366\/revisions"}],"wp:featuredmedia":[{"embeddable":true,"href":"https:\/\/eypar.com\/en\/wp-json\/wp\/v2\/media\/2685"}],"wp:attachment":[{"href":"https:\/\/eypar.com\/en\/wp-json\/wp\/v2\/media?parent=4366"}],"wp:term":[{"taxonomy":"project_category","embeddable":true,"href":"https:\/\/eypar.com\/en\/wp-json\/wp\/v2\/project_category?post=4366"},{"taxonomy":"project_tag","embeddable":true,"href":"https:\/\/eypar.com\/en\/wp-json\/wp\/v2\/project_tag?post=4366"}],"curies":[{"name":"wp","href":"https:\/\/api.w.org\/{rel}","templated":true}]}}

Archivo Histórico Provincial de Guadalajara

<p>Se ha inaugurado la nueva sede del Archivo Histórico Provincial de Guadalajara, en el que EYPAR ha intervenido en el suministro e instalación de los armarios compactos <strong>E-DISC</strong>. La nueva sede ocupa una superficie total de 7.226 m2 y los archivos del depósito de documentación suman 39.168 metros lineales. El Archivo, en la actualidad, custodia 13.374 metros lineales de documentación que han sido transferidas por la administración. Esta documentación procede de la administración estatal periférica y de la administración autonómica.</p>

<p>Se ha inaugurado la nueva sede del Archivo Histórico Provincial de Guadalajara, en el que EYPAR ha intervenido en el suministro e instalación de los armarios compactos E-DISC. La nueva sede ocupa una superficie total de 7.226 m2 y los archivos del depósito de documentación suman 39.168 metros lineales. El Archivo, en la actualidad, custodia [&hellip;]</p>

<!-- This site is optimized with the Yoast SEO plugin v25.2 - https://yoast.com/wordpress/plugins/seo/ -->
<title>Archivo Histórico Provincial de Guadalajara - EYPAR</title>
<meta name="robots" content="index, follow, max-snippet:-1, max-image-preview:large, max-video-preview:-1" />
<link rel="canonical" href="https://eypar.com/en/proyectos/archivo-historico-provincial-de-guadalajara/" />
<meta property="og:locale" content="en_US" />
<meta property="og:type" content="article" />
<meta property="og:title" content="Archivo Histórico Provincial de Guadalajara - EYPAR" />
<meta property="og:description" content="Se ha inaugurado la nueva sede del Archivo Histórico Provincial de Guadalajara, en el que EYPAR ha intervenido en el suministro e instalación de los armarios compactos E-DISC. La nueva sede ocupa una superficie total de 7.226 m2 y los archivos del depósito de documentación suman 39.168 metros lineales. El Archivo, en la actualidad, custodia [&hellip;]" />
<meta property="og:url" content="https://eypar.com/en/proyectos/archivo-historico-provincial-de-guadalajara/" />
<meta property="og:site_name" content="EYPAR" />
<meta name="twitter:card" content="summary_large_image" />
<script type="application/ld+json" class="yoast-schema-graph">{"@context":"https://schema.org","@graph":[{"@type":"WebPage","@id":"https://eypar.com/en/proyectos/archivo-historico-provincial-de-guadalajara/","url":"https://eypar.com/en/proyectos/archivo-historico-provincial-de-guadalajara/","name":"Archivo Histórico Provincial de Guadalajara - EYPAR","isPartOf":{"@id":"https://eypar.com/#website"},"primaryImageOfPage":{"@id":"https://eypar.com/en/proyectos/archivo-historico-provincial-de-guadalajara/#primaryimage"},"image":{"@id":"https://eypar.com/en/proyectos/archivo-historico-provincial-de-guadalajara/#primaryimage"},"thumbnailUrl":"https://eypar.com/wp-content/uploads/2021/12/archivo-historico.jpg","datePublished":"2021-12-02T13:23:50+00:00","breadcrumb":{"@id":"https://eypar.com/en/proyectos/archivo-historico-provincial-de-guadalajara/#breadcrumb"},"inLanguage":"en-US","potentialAction":[{"@type":"ReadAction","target":["https://eypar.com/en/proyectos/archivo-historico-provincial-de-guadalajara/"]}]},{"@type":"ImageObject","inLanguage":"en-US","@id":"https://eypar.com/en/proyectos/archivo-historico-provincial-de-guadalajara/#primaryimage","url":"https://eypar.com/wp-content/uploads/2021/12/archivo-historico.jpg","contentUrl":"https://eypar.com/wp-content/uploads/2021/12/archivo-historico.jpg","width":791,"height":526},{"@type":"BreadcrumbList","@id":"https://eypar.com/en/proyectos/archivo-historico-provincial-de-guadalajara/#breadcrumb","itemListElement":[{"@type":"ListItem","position":1,"name":"Inicio","item":"https://eypar.com/en/"},{"@type":"ListItem","position":2,"name":"Proyectos","item":"https://eypar.com/project/"},{"@type":"ListItem","position":3,"name":"Archivo Histórico Provincial de Guadalajara"}]},{"@type":"WebSite","@id":"https://eypar.com/#website","url":"https://eypar.com/","name":"EYPAR","description":"","publisher":{"@id":"https://eypar.com/#organization"},"potentialAction":[{"@type":"SearchAction","target":{"@type":"EntryPoint","urlTemplate":"https://eypar.com/?s={search_term_string}"},"query-input":{"@type":"PropertyValueSpecification","valueRequired":true,"valueName":"search_term_string"}}],"inLanguage":"en-US"},{"@type":"Organization","@id":"https://eypar.com/#organization","name":"EYPAR","url":"https://eypar.com/","logo":{"@type":"ImageObject","inLanguage":"en-US","@id":"https://eypar.com/#/schema/logo/image/","url":"https://eypar.com/wp-content/uploads/2021/12/eypar-soluciones-almacenamiento.png","contentUrl":"https://eypar.com/wp-content/uploads/2021/12/eypar-soluciones-almacenamiento.png","width":304,"height":74,"caption":"EYPAR"},"image":{"@id":"https://eypar.com/#/schema/logo/image/"}}]}</script>
<!-- / Yoast SEO plugin. -->

Archivo Histórico Provincial de Guadalajara - EYPAR

Se ha inaugurado la nueva sede del Archivo Histórico Provincial de Guadalajara, en el que EYPAR ha intervenido en el suministro e instalación de los armarios compactos E-DISC. La nueva sede ocupa una superficie total de 7.226 m2 y los archivos del depósito de documentación suman 39.168 metros lineales. El Archivo, en la actualidad, custodia [&hellip;]
