{"id":4352,"date":"2021-12-20T13:00:45","date_gmt":"2021-12-20T13:00:45","guid":{"rendered":"https:\/\/eypar.com\/proyectos\/1187\/"},"modified":"2021-12-20T13:00:45","modified_gmt":"2021-12-20T13:00:45","slug":"1187","status":"publish","type":"project","link":"https:\/\/eypar.com\/en\/project\/1187\/","title":{"rendered":"Biblioteca p\u00fablica de Burgos"},"content":{"rendered":"<p>La Biblioteca P\u00fablica de Burgos, cuyo origen se remonta a 1871, es una Biblioteca de Titularidad Estatal reformada recientemente seg\u00fan el proyecto elaborado por los arquitectos Andr\u00e9s Celis y Jael Ortega, en el que se han incluido dep\u00f3sitos de armarios compactos EDISC.<\/p>\n<p>El edificio se concibe como un volumen monol\u00edtico y aparentemente homog\u00e9neo, con una piel continua de vidrio serigrafiado. Esta envoltura no es sino la hoja externa de una doble cubierta que reviste zonas opacas, transparentes y trasl\u00facidas, englobando tambi\u00e9n la fachada g\u00f3tica, que queda as\u00ed integrada en la composici\u00f3n del edificio.<\/p>\n<p>Atravesada la portada g\u00f3tica que constituye la fachada principal, se halla un vest\u00edbulo de triple altura, iluminado cenitalmente, que permite una comprensi\u00f3n r\u00e1pida del conjunto del edificio.<\/p>\n<p>En el interior, se abren dos patios en torno de los cuales se sit\u00faan dos n\u00facleos que alojan la circulaci\u00f3n vertical de personas y servicios. El resto es una planta totalmente di\u00e1fana, que encuentra su cualificaci\u00f3n en las transparencias transversales y en los efectos visuales producidos por los patios.<\/p>\n","protected":false},"excerpt":{"rendered":"<p>La Biblioteca P\u00fablica de Burgos, cuyo origen se remonta a 1871, es una Biblioteca de Titularidad Estatal reformada recientemente seg\u00fan el proyecto elaborado por los arquitectos Andr\u00e9s Celis y Jael Ortega, en el que se han incluido dep\u00f3sitos de armarios compactos EDISC. El edificio se concibe como un volumen monol\u00edtico y aparentemente homog\u00e9neo, con una [&hellip;]<\/p>\n","protected":false},"author":1,"featured_media":3743,"template":"","meta":{"_acf_changed":false,"_et_pb_use_builder":"","_et_pb_old_content":"","_et_gb_content_width":"","footnotes":""},"project_category":[],"project_tag":[],"class_list":["post-4352","project","type-project","status-publish","has-post-thumbnail","hentry"],"acf":[],"yoast_head":"<!-- This site is optimized with the Yoast SEO plugin v25.2 - https:\/\/yoast.com\/wordpress\/plugins\/seo\/ -->\n<title>Biblioteca p\u00fablica de Burgos - EYPAR<\/title>\n<meta name=\"robots\" content=\"index, follow, max-snippet:-1, max-image-preview:large, max-video-preview:-1\" \/>\n<link rel=\"canonical\" href=\"https:\/\/eypar.com\/en\/proyectos\/1187\/\" \/>\n<meta property=\"og:locale\" content=\"en_US\" \/>\n<meta property=\"og:type\" content=\"article\" \/>\n<meta property=\"og:title\" content=\"Biblioteca p\u00fablica de Burgos - EYPAR\" \/>\n<meta property=\"og:description\" content=\"La Biblioteca P\u00fablica de Burgos, cuyo origen se remonta a 1871, es una Biblioteca de Titularidad Estatal reformada recientemente seg\u00fan el proyecto elaborado por los arquitectos Andr\u00e9s Celis y Jael Ortega, en el que se han incluido dep\u00f3sitos de armarios compactos EDISC. El edificio se concibe como un volumen monol\u00edtico y aparentemente homog\u00e9neo, con una [&hellip;]\" \/>\n<meta property=\"og:url\" content=\"https:\/\/eypar.com\/en\/proyectos\/1187\/\" \/>\n<meta property=\"og:site_name\" content=\"EYPAR\" \/>\n<meta name=\"twitter:card\" content=\"summary_large_image\" \/>\n<meta name=\"twitter:label1\" content=\"Est. reading time\" \/>\n\t<meta name=\"twitter:data1\" content=\"1 minute\" \/>\n<script type=\"application\/ld+json\" class=\"yoast-schema-graph\">{\"@context\":\"https:\/\/schema.org\",\"@graph\":[{\"@type\":\"WebPage\",\"@id\":\"https:\/\/eypar.com\/en\/proyectos\/1187\/\",\"url\":\"https:\/\/eypar.com\/en\/proyectos\/1187\/\",\"name\":\"Biblioteca p\u00fablica de Burgos - EYPAR\",\"isPartOf\":{\"@id\":\"https:\/\/eypar.com\/#website\"},\"primaryImageOfPage\":{\"@id\":\"https:\/\/eypar.com\/en\/proyectos\/1187\/#primaryimage\"},\"image\":{\"@id\":\"https:\/\/eypar.com\/en\/proyectos\/1187\/#primaryimage\"},\"thumbnailUrl\":\"https:\/\/eypar.com\/wp-content\/uploads\/2021\/12\/3-BIBLIOTECA_PUBLICA_DEL_ESTADO_BURGOS_2.jpg\",\"datePublished\":\"2021-12-20T13:00:45+00:00\",\"breadcrumb\":{\"@id\":\"https:\/\/eypar.com\/en\/proyectos\/1187\/#breadcrumb\"},\"inLanguage\":\"en-US\",\"potentialAction\":[{\"@type\":\"ReadAction\",\"target\":[\"https:\/\/eypar.com\/en\/proyectos\/1187\/\"]}]},{\"@type\":\"ImageObject\",\"inLanguage\":\"en-US\",\"@id\":\"https:\/\/eypar.com\/en\/proyectos\/1187\/#primaryimage\",\"url\":\"https:\/\/eypar.com\/wp-content\/uploads\/2021\/12\/3-BIBLIOTECA_PUBLICA_DEL_ESTADO_BURGOS_2.jpg\",\"contentUrl\":\"https:\/\/eypar.com\/wp-content\/uploads\/2021\/12\/3-BIBLIOTECA_PUBLICA_DEL_ESTADO_BURGOS_2.jpg\",\"width\":644,\"height\":373},{\"@type\":\"BreadcrumbList\",\"@id\":\"https:\/\/eypar.com\/en\/proyectos\/1187\/#breadcrumb\",\"itemListElement\":[{\"@type\":\"ListItem\",\"position\":1,\"name\":\"Inicio\",\"item\":\"https:\/\/eypar.com\/en\/\"},{\"@type\":\"ListItem\",\"position\":2,\"name\":\"Proyectos\",\"item\":\"https:\/\/eypar.com\/project\/\"},{\"@type\":\"ListItem\",\"position\":3,\"name\":\"Biblioteca p\u00fablica de Burgos\"}]},{\"@type\":\"WebSite\",\"@id\":\"https:\/\/eypar.com\/#website\",\"url\":\"https:\/\/eypar.com\/\",\"name\":\"EYPAR\",\"description\":\"\",\"publisher\":{\"@id\":\"https:\/\/eypar.com\/#organization\"},\"potentialAction\":[{\"@type\":\"SearchAction\",\"target\":{\"@type\":\"EntryPoint\",\"urlTemplate\":\"https:\/\/eypar.com\/?s={search_term_string}\"},\"query-input\":{\"@type\":\"PropertyValueSpecification\",\"valueRequired\":true,\"valueName\":\"search_term_string\"}}],\"inLanguage\":\"en-US\"},{\"@type\":\"Organization\",\"@id\":\"https:\/\/eypar.com\/#organization\",\"name\":\"EYPAR\",\"url\":\"https:\/\/eypar.com\/\",\"logo\":{\"@type\":\"ImageObject\",\"inLanguage\":\"en-US\",\"@id\":\"https:\/\/eypar.com\/#\/schema\/logo\/image\/\",\"url\":\"https:\/\/eypar.com\/wp-content\/uploads\/2021\/12\/eypar-soluciones-almacenamiento.png\",\"contentUrl\":\"https:\/\/eypar.com\/wp-content\/uploads\/2021\/12\/eypar-soluciones-almacenamiento.png\",\"width\":304,\"height\":74,\"caption\":\"EYPAR\"},\"image\":{\"@id\":\"https:\/\/eypar.com\/#\/schema\/logo\/image\/\"}}]}<\/script>\n<!-- \/ Yoast SEO plugin. -->","yoast_head_json":{"title":"Biblioteca p\u00fablica de Burgos - EYPAR","robots":{"index":"index","follow":"follow","max-snippet":"max-snippet:-1","max-image-preview":"max-image-preview:large","max-video-preview":"max-video-preview:-1"},"canonical":"https:\/\/eypar.com\/en\/proyectos\/1187\/","og_locale":"en_US","og_type":"article","og_title":"Biblioteca p\u00fablica de Burgos - EYPAR","og_description":"La Biblioteca P\u00fablica de Burgos, cuyo origen se remonta a 1871, es una Biblioteca de Titularidad Estatal reformada recientemente seg\u00fan el proyecto elaborado por los arquitectos Andr\u00e9s Celis y Jael Ortega, en el que se han incluido dep\u00f3sitos de armarios compactos EDISC. El edificio se concibe como un volumen monol\u00edtico y aparentemente homog\u00e9neo, con una [&hellip;]","og_url":"https:\/\/eypar.com\/en\/proyectos\/1187\/","og_site_name":"EYPAR","twitter_card":"summary_large_image","twitter_misc":{"Est. reading time":"1 minute"},"schema":{"@context":"https:\/\/schema.org","@graph":[{"@type":"WebPage","@id":"https:\/\/eypar.com\/en\/proyectos\/1187\/","url":"https:\/\/eypar.com\/en\/proyectos\/1187\/","name":"Biblioteca p\u00fablica de Burgos - EYPAR","isPartOf":{"@id":"https:\/\/eypar.com\/#website"},"primaryImageOfPage":{"@id":"https:\/\/eypar.com\/en\/proyectos\/1187\/#primaryimage"},"image":{"@id":"https:\/\/eypar.com\/en\/proyectos\/1187\/#primaryimage"},"thumbnailUrl":"https:\/\/eypar.com\/wp-content\/uploads\/2021\/12\/3-BIBLIOTECA_PUBLICA_DEL_ESTADO_BURGOS_2.jpg","datePublished":"2021-12-20T13:00:45+00:00","breadcrumb":{"@id":"https:\/\/eypar.com\/en\/proyectos\/1187\/#breadcrumb"},"inLanguage":"en-US","potentialAction":[{"@type":"ReadAction","target":["https:\/\/eypar.com\/en\/proyectos\/1187\/"]}]},{"@type":"ImageObject","inLanguage":"en-US","@id":"https:\/\/eypar.com\/en\/proyectos\/1187\/#primaryimage","url":"https:\/\/eypar.com\/wp-content\/uploads\/2021\/12\/3-BIBLIOTECA_PUBLICA_DEL_ESTADO_BURGOS_2.jpg","contentUrl":"https:\/\/eypar.com\/wp-content\/uploads\/2021\/12\/3-BIBLIOTECA_PUBLICA_DEL_ESTADO_BURGOS_2.jpg","width":644,"height":373},{"@type":"BreadcrumbList","@id":"https:\/\/eypar.com\/en\/proyectos\/1187\/#breadcrumb","itemListElement":[{"@type":"ListItem","position":1,"name":"Inicio","item":"https:\/\/eypar.com\/en\/"},{"@type":"ListItem","position":2,"name":"Proyectos","item":"https:\/\/eypar.com\/project\/"},{"@type":"ListItem","position":3,"name":"Biblioteca p\u00fablica de Burgos"}]},{"@type":"WebSite","@id":"https:\/\/eypar.com\/#website","url":"https:\/\/eypar.com\/","name":"EYPAR","description":"","publisher":{"@id":"https:\/\/eypar.com\/#organization"},"potentialAction":[{"@type":"SearchAction","target":{"@type":"EntryPoint","urlTemplate":"https:\/\/eypar.com\/?s={search_term_string}"},"query-input":{"@type":"PropertyValueSpecification","valueRequired":true,"valueName":"search_term_string"}}],"inLanguage":"en-US"},{"@type":"Organization","@id":"https:\/\/eypar.com\/#organization","name":"EYPAR","url":"https:\/\/eypar.com\/","logo":{"@type":"ImageObject","inLanguage":"en-US","@id":"https:\/\/eypar.com\/#\/schema\/logo\/image\/","url":"https:\/\/eypar.com\/wp-content\/uploads\/2021\/12\/eypar-soluciones-almacenamiento.png","contentUrl":"https:\/\/eypar.com\/wp-content\/uploads\/2021\/12\/eypar-soluciones-almacenamiento.png","width":304,"height":74,"caption":"EYPAR"},"image":{"@id":"https:\/\/eypar.com\/#\/schema\/logo\/image\/"}}]}},"_links":{"self":[{"href":"https:\/\/eypar.com\/en\/wp-json\/wp\/v2\/project\/4352"}],"collection":[{"href":"https:\/\/eypar.com\/en\/wp-json\/wp\/v2\/project"}],"about":[{"href":"https:\/\/eypar.com\/en\/wp-json\/wp\/v2\/types\/project"}],"author":[{"embeddable":true,"href":"https:\/\/eypar.com\/en\/wp-json\/wp\/v2\/users\/1"}],"version-history":[{"count":0,"href":"https:\/\/eypar.com\/en\/wp-json\/wp\/v2\/project\/4352\/revisions"}],"wp:featuredmedia":[{"embeddable":true,"href":"https:\/\/eypar.com\/en\/wp-json\/wp\/v2\/media\/3743"}],"wp:attachment":[{"href":"https:\/\/eypar.com\/en\/wp-json\/wp\/v2\/media?parent=4352"}],"wp:term":[{"taxonomy":"project_category","embeddable":true,"href":"https:\/\/eypar.com\/en\/wp-json\/wp\/v2\/project_category?post=4352"},{"taxonomy":"project_tag","embeddable":true,"href":"https:\/\/eypar.com\/en\/wp-json\/wp\/v2\/project_tag?post=4352"}],"curies":[{"name":"wp","href":"https:\/\/api.w.org\/{rel}","templated":true}]}}

Biblioteca pública de Burgos

<p>La Biblioteca Pública de Burgos, cuyo origen se remonta a 1871, es una Biblioteca de Titularidad Estatal reformada recientemente según el proyecto elaborado por los arquitectos Andrés Celis y Jael Ortega, en el que se han incluido depósitos de armarios compactos EDISC.</p>
<p>El edificio se concibe como un volumen monolítico y aparentemente homogéneo, con una piel continua de vidrio serigrafiado. Esta envoltura no es sino la hoja externa de una doble cubierta que reviste zonas opacas, transparentes y traslúcidas, englobando también la fachada gótica, que queda así integrada en la composición del edificio.</p>
<p>Atravesada la portada gótica que constituye la fachada principal, se halla un vestíbulo de triple altura, iluminado cenitalmente, que permite una comprensión rápida del conjunto del edificio.</p>
<p>En el interior, se abren dos patios en torno de los cuales se sitúan dos núcleos que alojan la circulación vertical de personas y servicios. El resto es una planta totalmente diáfana, que encuentra su cualificación en las transparencias transversales y en los efectos visuales producidos por los patios.</p>

<p>La Biblioteca Pública de Burgos, cuyo origen se remonta a 1871, es una Biblioteca de Titularidad Estatal reformada recientemente según el proyecto elaborado por los arquitectos Andrés Celis y Jael Ortega, en el que se han incluido depósitos de armarios compactos EDISC. El edificio se concibe como un volumen monolítico y aparentemente homogéneo, con una [&hellip;]</p>

<!-- This site is optimized with the Yoast SEO plugin v25.2 - https://yoast.com/wordpress/plugins/seo/ -->
<title>Biblioteca pública de Burgos - EYPAR</title>
<meta name="robots" content="index, follow, max-snippet:-1, max-image-preview:large, max-video-preview:-1" />
<link rel="canonical" href="https://eypar.com/en/proyectos/1187/" />
<meta property="og:locale" content="en_US" />
<meta property="og:type" content="article" />
<meta property="og:title" content="Biblioteca pública de Burgos - EYPAR" />
<meta property="og:description" content="La Biblioteca Pública de Burgos, cuyo origen se remonta a 1871, es una Biblioteca de Titularidad Estatal reformada recientemente según el proyecto elaborado por los arquitectos Andrés Celis y Jael Ortega, en el que se han incluido depósitos de armarios compactos EDISC. El edificio se concibe como un volumen monolítico y aparentemente homogéneo, con una [&hellip;]" />
<meta property="og:url" content="https://eypar.com/en/proyectos/1187/" />
<meta property="og:site_name" content="EYPAR" />
<meta name="twitter:card" content="summary_large_image" />
<meta name="twitter:label1" content="Est. reading time" />
	<meta name="twitter:data1" content="1 minute" />
<script type="application/ld+json" class="yoast-schema-graph">{"@context":"https://schema.org","@graph":[{"@type":"WebPage","@id":"https://eypar.com/en/proyectos/1187/","url":"https://eypar.com/en/proyectos/1187/","name":"Biblioteca pública de Burgos - EYPAR","isPartOf":{"@id":"https://eypar.com/#website"},"primaryImageOfPage":{"@id":"https://eypar.com/en/proyectos/1187/#primaryimage"},"image":{"@id":"https://eypar.com/en/proyectos/1187/#primaryimage"},"thumbnailUrl":"https://eypar.com/wp-content/uploads/2021/12/3-BIBLIOTECA_PUBLICA_DEL_ESTADO_BURGOS_2.jpg","datePublished":"2021-12-20T13:00:45+00:00","breadcrumb":{"@id":"https://eypar.com/en/proyectos/1187/#breadcrumb"},"inLanguage":"en-US","potentialAction":[{"@type":"ReadAction","target":["https://eypar.com/en/proyectos/1187/"]}]},{"@type":"ImageObject","inLanguage":"en-US","@id":"https://eypar.com/en/proyectos/1187/#primaryimage","url":"https://eypar.com/wp-content/uploads/2021/12/3-BIBLIOTECA_PUBLICA_DEL_ESTADO_BURGOS_2.jpg","contentUrl":"https://eypar.com/wp-content/uploads/2021/12/3-BIBLIOTECA_PUBLICA_DEL_ESTADO_BURGOS_2.jpg","width":644,"height":373},{"@type":"BreadcrumbList","@id":"https://eypar.com/en/proyectos/1187/#breadcrumb","itemListElement":[{"@type":"ListItem","position":1,"name":"Inicio","item":"https://eypar.com/en/"},{"@type":"ListItem","position":2,"name":"Proyectos","item":"https://eypar.com/project/"},{"@type":"ListItem","position":3,"name":"Biblioteca pública de Burgos"}]},{"@type":"WebSite","@id":"https://eypar.com/#website","url":"https://eypar.com/","name":"EYPAR","description":"","publisher":{"@id":"https://eypar.com/#organization"},"potentialAction":[{"@type":"SearchAction","target":{"@type":"EntryPoint","urlTemplate":"https://eypar.com/?s={search_term_string}"},"query-input":{"@type":"PropertyValueSpecification","valueRequired":true,"valueName":"search_term_string"}}],"inLanguage":"en-US"},{"@type":"Organization","@id":"https://eypar.com/#organization","name":"EYPAR","url":"https://eypar.com/","logo":{"@type":"ImageObject","inLanguage":"en-US","@id":"https://eypar.com/#/schema/logo/image/","url":"https://eypar.com/wp-content/uploads/2021/12/eypar-soluciones-almacenamiento.png","contentUrl":"https://eypar.com/wp-content/uploads/2021/12/eypar-soluciones-almacenamiento.png","width":304,"height":74,"caption":"EYPAR"},"image":{"@id":"https://eypar.com/#/schema/logo/image/"}}]}</script>
<!-- / Yoast SEO plugin. -->

Biblioteca pública de Burgos - EYPAR

La Biblioteca Pública de Burgos, cuyo origen se remonta a 1871, es una Biblioteca de Titularidad Estatal reformada recientemente según el proyecto elaborado por los arquitectos Andrés Celis y Jael Ortega, en el que se han incluido depósitos de armarios compactos EDISC. El edificio se concibe como un volumen monolítico y aparentemente homogéneo, con una [&hellip;]
