{"id":4342,"date":"2021-12-20T13:22:54","date_gmt":"2021-12-20T13:22:54","guid":{"rendered":"https:\/\/eypar.com\/proyectos\/patronato-de-la-alhambra-y-del-generalife-de-granada\/"},"modified":"2021-12-20T13:22:54","modified_gmt":"2021-12-20T13:22:54","slug":"patronato-de-la-alhambra-y-del-generalife-de-granada","status":"publish","type":"project","link":"https:\/\/eypar.com\/en\/project\/patronato-de-la-alhambra-y-del-generalife-de-granada\/","title":{"rendered":"Patronato de la Alhambra y del Generalife de Granada"},"content":{"rendered":"<p>EYPAR ha sido elegida para optimizar y equipar los dep\u00f3sitos del archivo y  biblioteca del nuevo edificio que el Patronato ha construido a tal fin. En esta ocasi\u00f3n La Alhambra ha apostado por una soluci\u00f3n ELOGIC para el equipamiento de sus instalaciones. Este equipamiento estar\u00e1 finalizado antes de finales del 2013.<\/p>\n","protected":false},"excerpt":{"rendered":"<p>EYPAR ha sido elegida para optimizar y equipar los dep\u00f3sitos del archivo y biblioteca del nuevo edificio que el Patronato ha construido a tal fin. En esta ocasi\u00f3n La Alhambra ha apostado por una soluci\u00f3n ELOGIC para el equipamiento de sus instalaciones. Este equipamiento estar\u00e1 finalizado antes de finales del 2013.<\/p>\n","protected":false},"author":1,"featured_media":2949,"template":"","meta":{"_acf_changed":false,"_et_pb_use_builder":"","_et_pb_old_content":"","_et_gb_content_width":"","footnotes":""},"project_category":[],"project_tag":[],"class_list":["post-4342","project","type-project","status-publish","has-post-thumbnail","hentry"],"acf":[],"yoast_head":"<!-- This site is optimized with the Yoast SEO plugin v25.2 - https:\/\/yoast.com\/wordpress\/plugins\/seo\/ -->\n<title>Patronato de la Alhambra y del Generalife de Granada - EYPAR<\/title>\n<meta name=\"robots\" content=\"index, follow, max-snippet:-1, max-image-preview:large, max-video-preview:-1\" \/>\n<link rel=\"canonical\" href=\"https:\/\/eypar.com\/en\/proyectos\/patronato-de-la-alhambra-y-del-generalife-de-granada\/\" \/>\n<meta property=\"og:locale\" content=\"en_US\" \/>\n<meta property=\"og:type\" content=\"article\" \/>\n<meta property=\"og:title\" content=\"Patronato de la Alhambra y del Generalife de Granada - EYPAR\" \/>\n<meta property=\"og:description\" content=\"EYPAR ha sido elegida para optimizar y equipar los dep\u00f3sitos del archivo y biblioteca del nuevo edificio que el Patronato ha construido a tal fin. En esta ocasi\u00f3n La Alhambra ha apostado por una soluci\u00f3n ELOGIC para el equipamiento de sus instalaciones. Este equipamiento estar\u00e1 finalizado antes de finales del 2013.\" \/>\n<meta property=\"og:url\" content=\"https:\/\/eypar.com\/en\/proyectos\/patronato-de-la-alhambra-y-del-generalife-de-granada\/\" \/>\n<meta property=\"og:site_name\" content=\"EYPAR\" \/>\n<meta name=\"twitter:card\" content=\"summary_large_image\" \/>\n<script type=\"application\/ld+json\" class=\"yoast-schema-graph\">{\"@context\":\"https:\/\/schema.org\",\"@graph\":[{\"@type\":\"WebPage\",\"@id\":\"https:\/\/eypar.com\/en\/proyectos\/patronato-de-la-alhambra-y-del-generalife-de-granada\/\",\"url\":\"https:\/\/eypar.com\/en\/proyectos\/patronato-de-la-alhambra-y-del-generalife-de-granada\/\",\"name\":\"Patronato de la Alhambra y del Generalife de Granada - EYPAR\",\"isPartOf\":{\"@id\":\"https:\/\/eypar.com\/#website\"},\"primaryImageOfPage\":{\"@id\":\"https:\/\/eypar.com\/en\/proyectos\/patronato-de-la-alhambra-y-del-generalife-de-granada\/#primaryimage\"},\"image\":{\"@id\":\"https:\/\/eypar.com\/en\/proyectos\/patronato-de-la-alhambra-y-del-generalife-de-granada\/#primaryimage\"},\"thumbnailUrl\":\"https:\/\/eypar.com\/wp-content\/uploads\/2021\/12\/11-Patronato-de-la-Alhambra-3.jpg\",\"datePublished\":\"2021-12-20T13:22:54+00:00\",\"breadcrumb\":{\"@id\":\"https:\/\/eypar.com\/en\/proyectos\/patronato-de-la-alhambra-y-del-generalife-de-granada\/#breadcrumb\"},\"inLanguage\":\"en-US\",\"potentialAction\":[{\"@type\":\"ReadAction\",\"target\":[\"https:\/\/eypar.com\/en\/proyectos\/patronato-de-la-alhambra-y-del-generalife-de-granada\/\"]}]},{\"@type\":\"ImageObject\",\"inLanguage\":\"en-US\",\"@id\":\"https:\/\/eypar.com\/en\/proyectos\/patronato-de-la-alhambra-y-del-generalife-de-granada\/#primaryimage\",\"url\":\"https:\/\/eypar.com\/wp-content\/uploads\/2021\/12\/11-Patronato-de-la-Alhambra-3.jpg\",\"contentUrl\":\"https:\/\/eypar.com\/wp-content\/uploads\/2021\/12\/11-Patronato-de-la-Alhambra-3.jpg\",\"width\":650,\"height\":433},{\"@type\":\"BreadcrumbList\",\"@id\":\"https:\/\/eypar.com\/en\/proyectos\/patronato-de-la-alhambra-y-del-generalife-de-granada\/#breadcrumb\",\"itemListElement\":[{\"@type\":\"ListItem\",\"position\":1,\"name\":\"Inicio\",\"item\":\"https:\/\/eypar.com\/en\/\"},{\"@type\":\"ListItem\",\"position\":2,\"name\":\"Proyectos\",\"item\":\"https:\/\/eypar.com\/project\/\"},{\"@type\":\"ListItem\",\"position\":3,\"name\":\"Patronato de la Alhambra y del Generalife de Granada\"}]},{\"@type\":\"WebSite\",\"@id\":\"https:\/\/eypar.com\/#website\",\"url\":\"https:\/\/eypar.com\/\",\"name\":\"EYPAR\",\"description\":\"\",\"publisher\":{\"@id\":\"https:\/\/eypar.com\/#organization\"},\"potentialAction\":[{\"@type\":\"SearchAction\",\"target\":{\"@type\":\"EntryPoint\",\"urlTemplate\":\"https:\/\/eypar.com\/?s={search_term_string}\"},\"query-input\":{\"@type\":\"PropertyValueSpecification\",\"valueRequired\":true,\"valueName\":\"search_term_string\"}}],\"inLanguage\":\"en-US\"},{\"@type\":\"Organization\",\"@id\":\"https:\/\/eypar.com\/#organization\",\"name\":\"EYPAR\",\"url\":\"https:\/\/eypar.com\/\",\"logo\":{\"@type\":\"ImageObject\",\"inLanguage\":\"en-US\",\"@id\":\"https:\/\/eypar.com\/#\/schema\/logo\/image\/\",\"url\":\"https:\/\/eypar.com\/wp-content\/uploads\/2021\/12\/eypar-soluciones-almacenamiento.png\",\"contentUrl\":\"https:\/\/eypar.com\/wp-content\/uploads\/2021\/12\/eypar-soluciones-almacenamiento.png\",\"width\":304,\"height\":74,\"caption\":\"EYPAR\"},\"image\":{\"@id\":\"https:\/\/eypar.com\/#\/schema\/logo\/image\/\"}}]}<\/script>\n<!-- \/ Yoast SEO plugin. -->","yoast_head_json":{"title":"Patronato de la Alhambra y del Generalife de Granada - EYPAR","robots":{"index":"index","follow":"follow","max-snippet":"max-snippet:-1","max-image-preview":"max-image-preview:large","max-video-preview":"max-video-preview:-1"},"canonical":"https:\/\/eypar.com\/en\/proyectos\/patronato-de-la-alhambra-y-del-generalife-de-granada\/","og_locale":"en_US","og_type":"article","og_title":"Patronato de la Alhambra y del Generalife de Granada - EYPAR","og_description":"EYPAR ha sido elegida para optimizar y equipar los dep\u00f3sitos del archivo y biblioteca del nuevo edificio que el Patronato ha construido a tal fin. En esta ocasi\u00f3n La Alhambra ha apostado por una soluci\u00f3n ELOGIC para el equipamiento de sus instalaciones. Este equipamiento estar\u00e1 finalizado antes de finales del 2013.","og_url":"https:\/\/eypar.com\/en\/proyectos\/patronato-de-la-alhambra-y-del-generalife-de-granada\/","og_site_name":"EYPAR","twitter_card":"summary_large_image","schema":{"@context":"https:\/\/schema.org","@graph":[{"@type":"WebPage","@id":"https:\/\/eypar.com\/en\/proyectos\/patronato-de-la-alhambra-y-del-generalife-de-granada\/","url":"https:\/\/eypar.com\/en\/proyectos\/patronato-de-la-alhambra-y-del-generalife-de-granada\/","name":"Patronato de la Alhambra y del Generalife de Granada - EYPAR","isPartOf":{"@id":"https:\/\/eypar.com\/#website"},"primaryImageOfPage":{"@id":"https:\/\/eypar.com\/en\/proyectos\/patronato-de-la-alhambra-y-del-generalife-de-granada\/#primaryimage"},"image":{"@id":"https:\/\/eypar.com\/en\/proyectos\/patronato-de-la-alhambra-y-del-generalife-de-granada\/#primaryimage"},"thumbnailUrl":"https:\/\/eypar.com\/wp-content\/uploads\/2021\/12\/11-Patronato-de-la-Alhambra-3.jpg","datePublished":"2021-12-20T13:22:54+00:00","breadcrumb":{"@id":"https:\/\/eypar.com\/en\/proyectos\/patronato-de-la-alhambra-y-del-generalife-de-granada\/#breadcrumb"},"inLanguage":"en-US","potentialAction":[{"@type":"ReadAction","target":["https:\/\/eypar.com\/en\/proyectos\/patronato-de-la-alhambra-y-del-generalife-de-granada\/"]}]},{"@type":"ImageObject","inLanguage":"en-US","@id":"https:\/\/eypar.com\/en\/proyectos\/patronato-de-la-alhambra-y-del-generalife-de-granada\/#primaryimage","url":"https:\/\/eypar.com\/wp-content\/uploads\/2021\/12\/11-Patronato-de-la-Alhambra-3.jpg","contentUrl":"https:\/\/eypar.com\/wp-content\/uploads\/2021\/12\/11-Patronato-de-la-Alhambra-3.jpg","width":650,"height":433},{"@type":"BreadcrumbList","@id":"https:\/\/eypar.com\/en\/proyectos\/patronato-de-la-alhambra-y-del-generalife-de-granada\/#breadcrumb","itemListElement":[{"@type":"ListItem","position":1,"name":"Inicio","item":"https:\/\/eypar.com\/en\/"},{"@type":"ListItem","position":2,"name":"Proyectos","item":"https:\/\/eypar.com\/project\/"},{"@type":"ListItem","position":3,"name":"Patronato de la Alhambra y del Generalife de Granada"}]},{"@type":"WebSite","@id":"https:\/\/eypar.com\/#website","url":"https:\/\/eypar.com\/","name":"EYPAR","description":"","publisher":{"@id":"https:\/\/eypar.com\/#organization"},"potentialAction":[{"@type":"SearchAction","target":{"@type":"EntryPoint","urlTemplate":"https:\/\/eypar.com\/?s={search_term_string}"},"query-input":{"@type":"PropertyValueSpecification","valueRequired":true,"valueName":"search_term_string"}}],"inLanguage":"en-US"},{"@type":"Organization","@id":"https:\/\/eypar.com\/#organization","name":"EYPAR","url":"https:\/\/eypar.com\/","logo":{"@type":"ImageObject","inLanguage":"en-US","@id":"https:\/\/eypar.com\/#\/schema\/logo\/image\/","url":"https:\/\/eypar.com\/wp-content\/uploads\/2021\/12\/eypar-soluciones-almacenamiento.png","contentUrl":"https:\/\/eypar.com\/wp-content\/uploads\/2021\/12\/eypar-soluciones-almacenamiento.png","width":304,"height":74,"caption":"EYPAR"},"image":{"@id":"https:\/\/eypar.com\/#\/schema\/logo\/image\/"}}]}},"_links":{"self":[{"href":"https:\/\/eypar.com\/en\/wp-json\/wp\/v2\/project\/4342"}],"collection":[{"href":"https:\/\/eypar.com\/en\/wp-json\/wp\/v2\/project"}],"about":[{"href":"https:\/\/eypar.com\/en\/wp-json\/wp\/v2\/types\/project"}],"author":[{"embeddable":true,"href":"https:\/\/eypar.com\/en\/wp-json\/wp\/v2\/users\/1"}],"version-history":[{"count":0,"href":"https:\/\/eypar.com\/en\/wp-json\/wp\/v2\/project\/4342\/revisions"}],"wp:featuredmedia":[{"embeddable":true,"href":"https:\/\/eypar.com\/en\/wp-json\/wp\/v2\/media\/2949"}],"wp:attachment":[{"href":"https:\/\/eypar.com\/en\/wp-json\/wp\/v2\/media?parent=4342"}],"wp:term":[{"taxonomy":"project_category","embeddable":true,"href":"https:\/\/eypar.com\/en\/wp-json\/wp\/v2\/project_category?post=4342"},{"taxonomy":"project_tag","embeddable":true,"href":"https:\/\/eypar.com\/en\/wp-json\/wp\/v2\/project_tag?post=4342"}],"curies":[{"name":"wp","href":"https:\/\/api.w.org\/{rel}","templated":true}]}}

<p>EYPAR ha sido elegida para optimizar y equipar los depósitos del archivo y  biblioteca del nuevo edificio que el Patronato ha construido a tal fin. En esta ocasión La Alhambra ha apostado por una solución ELOGIC para el equipamiento de sus instalaciones. Este equipamiento estará finalizado antes de finales del 2013.</p>

<p>EYPAR ha sido elegida para optimizar y equipar los depósitos del archivo y biblioteca del nuevo edificio que el Patronato ha construido a tal fin. En esta ocasión La Alhambra ha apostado por una solución ELOGIC para el equipamiento de sus instalaciones. Este equipamiento estará finalizado antes de finales del 2013.</p>

<!-- This site is optimized with the Yoast SEO plugin v25.2 - https://yoast.com/wordpress/plugins/seo/ -->
<title>Patronato de la Alhambra y del Generalife de Granada - EYPAR</title>
<meta name="robots" content="index, follow, max-snippet:-1, max-image-preview:large, max-video-preview:-1" />
<link rel="canonical" href="https://eypar.com/en/proyectos/patronato-de-la-alhambra-y-del-generalife-de-granada/" />
<meta property="og:locale" content="en_US" />
<meta property="og:type" content="article" />
<meta property="og:title" content="Patronato de la Alhambra y del Generalife de Granada - EYPAR" />
<meta property="og:description" content="EYPAR ha sido elegida para optimizar y equipar los depósitos del archivo y biblioteca del nuevo edificio que el Patronato ha construido a tal fin. En esta ocasión La Alhambra ha apostado por una solución ELOGIC para el equipamiento de sus instalaciones. Este equipamiento estará finalizado antes de finales del 2013." />
<meta property="og:url" content="https://eypar.com/en/proyectos/patronato-de-la-alhambra-y-del-generalife-de-granada/" />
<meta property="og:site_name" content="EYPAR" />
<meta name="twitter:card" content="summary_large_image" />
<script type="application/ld+json" class="yoast-schema-graph">{"@context":"https://schema.org","@graph":[{"@type":"WebPage","@id":"https://eypar.com/en/proyectos/patronato-de-la-alhambra-y-del-generalife-de-granada/","url":"https://eypar.com/en/proyectos/patronato-de-la-alhambra-y-del-generalife-de-granada/","name":"Patronato de la Alhambra y del Generalife de Granada - EYPAR","isPartOf":{"@id":"https://eypar.com/#website"},"primaryImageOfPage":{"@id":"https://eypar.com/en/proyectos/patronato-de-la-alhambra-y-del-generalife-de-granada/#primaryimage"},"image":{"@id":"https://eypar.com/en/proyectos/patronato-de-la-alhambra-y-del-generalife-de-granada/#primaryimage"},"thumbnailUrl":"https://eypar.com/wp-content/uploads/2021/12/11-Patronato-de-la-Alhambra-3.jpg","datePublished":"2021-12-20T13:22:54+00:00","breadcrumb":{"@id":"https://eypar.com/en/proyectos/patronato-de-la-alhambra-y-del-generalife-de-granada/#breadcrumb"},"inLanguage":"en-US","potentialAction":[{"@type":"ReadAction","target":["https://eypar.com/en/proyectos/patronato-de-la-alhambra-y-del-generalife-de-granada/"]}]},{"@type":"ImageObject","inLanguage":"en-US","@id":"https://eypar.com/en/proyectos/patronato-de-la-alhambra-y-del-generalife-de-granada/#primaryimage","url":"https://eypar.com/wp-content/uploads/2021/12/11-Patronato-de-la-Alhambra-3.jpg","contentUrl":"https://eypar.com/wp-content/uploads/2021/12/11-Patronato-de-la-Alhambra-3.jpg","width":650,"height":433},{"@type":"BreadcrumbList","@id":"https://eypar.com/en/proyectos/patronato-de-la-alhambra-y-del-generalife-de-granada/#breadcrumb","itemListElement":[{"@type":"ListItem","position":1,"name":"Inicio","item":"https://eypar.com/en/"},{"@type":"ListItem","position":2,"name":"Proyectos","item":"https://eypar.com/project/"},{"@type":"ListItem","position":3,"name":"Patronato de la Alhambra y del Generalife de Granada"}]},{"@type":"WebSite","@id":"https://eypar.com/#website","url":"https://eypar.com/","name":"EYPAR","description":"","publisher":{"@id":"https://eypar.com/#organization"},"potentialAction":[{"@type":"SearchAction","target":{"@type":"EntryPoint","urlTemplate":"https://eypar.com/?s={search_term_string}"},"query-input":{"@type":"PropertyValueSpecification","valueRequired":true,"valueName":"search_term_string"}}],"inLanguage":"en-US"},{"@type":"Organization","@id":"https://eypar.com/#organization","name":"EYPAR","url":"https://eypar.com/","logo":{"@type":"ImageObject","inLanguage":"en-US","@id":"https://eypar.com/#/schema/logo/image/","url":"https://eypar.com/wp-content/uploads/2021/12/eypar-soluciones-almacenamiento.png","contentUrl":"https://eypar.com/wp-content/uploads/2021/12/eypar-soluciones-almacenamiento.png","width":304,"height":74,"caption":"EYPAR"},"image":{"@id":"https://eypar.com/#/schema/logo/image/"}}]}</script>
<!-- / Yoast SEO plugin. -->

EYPAR ha sido elegida para optimizar y equipar los depósitos del archivo y biblioteca del nuevo edificio que el Patronato ha construido a tal fin. En esta ocasión La Alhambra ha apostado por una solución ELOGIC para el equipamiento de sus instalaciones. Este equipamiento estará finalizado antes de finales del 2013.
