{"id":4335,"date":"2021-12-20T13:30:13","date_gmt":"2021-12-20T13:30:13","guid":{"rendered":"https:\/\/eypar.com\/proyectos\/biblioteca-publica-de-valladolid\/"},"modified":"2021-12-20T13:30:13","modified_gmt":"2021-12-20T13:30:13","slug":"biblioteca-publica-de-valladolid","status":"publish","type":"project","link":"https:\/\/eypar.com\/en\/project\/biblioteca-publica-de-valladolid\/","title":{"rendered":"Biblioteca p\u00fablica de Valladolid"},"content":{"rendered":"<p>La Biblioteca P\u00fablica de Valladolid tiene como misi\u00f3n proporcionar a sus usuarios, los materiales tradicionales (libros, publicaciones peri\u00f3dicas, audiovisuales, etc.) y los modernos servicios y soportes (multimedia, Internet\u2026) que precisen para satisfacer sus necesidades de informaci\u00f3n, educaci\u00f3n y acceso a la cultura.<\/p>\n<p>EYPAR ha equipado \u00e9sta biblioteca con 2.000 metros lineales de armarios compactos EDISC.<\/p>\n<p>Es la biblioteca de titularidad estatal de esta ciudad de acuerdo con el Convenio de Gesti\u00f3n establecido entre el Ministerio de Cultura y la Comunidad Aut\u00f3noma, la gesti\u00f3n corresponde a la Junta de Castilla y Le\u00f3n desde el a\u00f1o 1987.<\/p>\n","protected":false},"excerpt":{"rendered":"<p>La Biblioteca P\u00fablica de Valladolid tiene como misi\u00f3n proporcionar a sus usuarios, los materiales tradicionales (libros, publicaciones peri\u00f3dicas, audiovisuales, etc.) y los modernos servicios y soportes (multimedia, Internet\u2026) que precisen para satisfacer sus necesidades de informaci\u00f3n, educaci\u00f3n y acceso a la cultura. EYPAR ha equipado \u00e9sta biblioteca con 2.000 metros lineales de armarios compactos EDISC. [&hellip;]<\/p>\n","protected":false},"author":1,"featured_media":3821,"template":"","meta":{"_acf_changed":false,"_et_pb_use_builder":"","_et_pb_old_content":"","_et_gb_content_width":"","footnotes":""},"project_category":[],"project_tag":[],"class_list":["post-4335","project","type-project","status-publish","has-post-thumbnail","hentry"],"acf":[],"yoast_head":"<!-- This site is optimized with the Yoast SEO plugin v25.2 - https:\/\/yoast.com\/wordpress\/plugins\/seo\/ -->\n<title>Biblioteca p\u00fablica de Valladolid - EYPAR<\/title>\n<meta name=\"robots\" content=\"index, follow, max-snippet:-1, max-image-preview:large, max-video-preview:-1\" \/>\n<link rel=\"canonical\" href=\"https:\/\/eypar.com\/en\/proyectos\/biblioteca-publica-de-valladolid\/\" \/>\n<meta property=\"og:locale\" content=\"en_US\" \/>\n<meta property=\"og:type\" content=\"article\" \/>\n<meta property=\"og:title\" content=\"Biblioteca p\u00fablica de Valladolid - EYPAR\" \/>\n<meta property=\"og:description\" content=\"La Biblioteca P\u00fablica de Valladolid tiene como misi\u00f3n proporcionar a sus usuarios, los materiales tradicionales (libros, publicaciones peri\u00f3dicas, audiovisuales, etc.) y los modernos servicios y soportes (multimedia, Internet\u2026) que precisen para satisfacer sus necesidades de informaci\u00f3n, educaci\u00f3n y acceso a la cultura. EYPAR ha equipado \u00e9sta biblioteca con 2.000 metros lineales de armarios compactos EDISC. [&hellip;]\" \/>\n<meta property=\"og:url\" content=\"https:\/\/eypar.com\/en\/proyectos\/biblioteca-publica-de-valladolid\/\" \/>\n<meta property=\"og:site_name\" content=\"EYPAR\" \/>\n<meta name=\"twitter:card\" content=\"summary_large_image\" \/>\n<meta name=\"twitter:label1\" content=\"Est. reading time\" \/>\n\t<meta name=\"twitter:data1\" content=\"1 minute\" \/>\n<script type=\"application\/ld+json\" class=\"yoast-schema-graph\">{\"@context\":\"https:\/\/schema.org\",\"@graph\":[{\"@type\":\"WebPage\",\"@id\":\"https:\/\/eypar.com\/en\/proyectos\/biblioteca-publica-de-valladolid\/\",\"url\":\"https:\/\/eypar.com\/en\/proyectos\/biblioteca-publica-de-valladolid\/\",\"name\":\"Biblioteca p\u00fablica de Valladolid - EYPAR\",\"isPartOf\":{\"@id\":\"https:\/\/eypar.com\/#website\"},\"primaryImageOfPage\":{\"@id\":\"https:\/\/eypar.com\/en\/proyectos\/biblioteca-publica-de-valladolid\/#primaryimage\"},\"image\":{\"@id\":\"https:\/\/eypar.com\/en\/proyectos\/biblioteca-publica-de-valladolid\/#primaryimage\"},\"thumbnailUrl\":\"https:\/\/eypar.com\/wp-content\/uploads\/2021\/12\/4-BIBLIOTECA_PUBLICA_DEL_ESTADO_EN_VALLADOLID_4-1024x751-1.jpg\",\"datePublished\":\"2021-12-20T13:30:13+00:00\",\"breadcrumb\":{\"@id\":\"https:\/\/eypar.com\/en\/proyectos\/biblioteca-publica-de-valladolid\/#breadcrumb\"},\"inLanguage\":\"en-US\",\"potentialAction\":[{\"@type\":\"ReadAction\",\"target\":[\"https:\/\/eypar.com\/en\/proyectos\/biblioteca-publica-de-valladolid\/\"]}]},{\"@type\":\"ImageObject\",\"inLanguage\":\"en-US\",\"@id\":\"https:\/\/eypar.com\/en\/proyectos\/biblioteca-publica-de-valladolid\/#primaryimage\",\"url\":\"https:\/\/eypar.com\/wp-content\/uploads\/2021\/12\/4-BIBLIOTECA_PUBLICA_DEL_ESTADO_EN_VALLADOLID_4-1024x751-1.jpg\",\"contentUrl\":\"https:\/\/eypar.com\/wp-content\/uploads\/2021\/12\/4-BIBLIOTECA_PUBLICA_DEL_ESTADO_EN_VALLADOLID_4-1024x751-1.jpg\",\"width\":1024,\"height\":751},{\"@type\":\"BreadcrumbList\",\"@id\":\"https:\/\/eypar.com\/en\/proyectos\/biblioteca-publica-de-valladolid\/#breadcrumb\",\"itemListElement\":[{\"@type\":\"ListItem\",\"position\":1,\"name\":\"Inicio\",\"item\":\"https:\/\/eypar.com\/en\/\"},{\"@type\":\"ListItem\",\"position\":2,\"name\":\"Proyectos\",\"item\":\"https:\/\/eypar.com\/project\/\"},{\"@type\":\"ListItem\",\"position\":3,\"name\":\"Biblioteca p\u00fablica de Valladolid\"}]},{\"@type\":\"WebSite\",\"@id\":\"https:\/\/eypar.com\/#website\",\"url\":\"https:\/\/eypar.com\/\",\"name\":\"EYPAR\",\"description\":\"\",\"publisher\":{\"@id\":\"https:\/\/eypar.com\/#organization\"},\"potentialAction\":[{\"@type\":\"SearchAction\",\"target\":{\"@type\":\"EntryPoint\",\"urlTemplate\":\"https:\/\/eypar.com\/?s={search_term_string}\"},\"query-input\":{\"@type\":\"PropertyValueSpecification\",\"valueRequired\":true,\"valueName\":\"search_term_string\"}}],\"inLanguage\":\"en-US\"},{\"@type\":\"Organization\",\"@id\":\"https:\/\/eypar.com\/#organization\",\"name\":\"EYPAR\",\"url\":\"https:\/\/eypar.com\/\",\"logo\":{\"@type\":\"ImageObject\",\"inLanguage\":\"en-US\",\"@id\":\"https:\/\/eypar.com\/#\/schema\/logo\/image\/\",\"url\":\"https:\/\/eypar.com\/wp-content\/uploads\/2021\/12\/eypar-soluciones-almacenamiento.png\",\"contentUrl\":\"https:\/\/eypar.com\/wp-content\/uploads\/2021\/12\/eypar-soluciones-almacenamiento.png\",\"width\":304,\"height\":74,\"caption\":\"EYPAR\"},\"image\":{\"@id\":\"https:\/\/eypar.com\/#\/schema\/logo\/image\/\"}}]}<\/script>\n<!-- \/ Yoast SEO plugin. -->","yoast_head_json":{"title":"Biblioteca p\u00fablica de Valladolid - EYPAR","robots":{"index":"index","follow":"follow","max-snippet":"max-snippet:-1","max-image-preview":"max-image-preview:large","max-video-preview":"max-video-preview:-1"},"canonical":"https:\/\/eypar.com\/en\/proyectos\/biblioteca-publica-de-valladolid\/","og_locale":"en_US","og_type":"article","og_title":"Biblioteca p\u00fablica de Valladolid - EYPAR","og_description":"La Biblioteca P\u00fablica de Valladolid tiene como misi\u00f3n proporcionar a sus usuarios, los materiales tradicionales (libros, publicaciones peri\u00f3dicas, audiovisuales, etc.) y los modernos servicios y soportes (multimedia, Internet\u2026) que precisen para satisfacer sus necesidades de informaci\u00f3n, educaci\u00f3n y acceso a la cultura. EYPAR ha equipado \u00e9sta biblioteca con 2.000 metros lineales de armarios compactos EDISC. [&hellip;]","og_url":"https:\/\/eypar.com\/en\/proyectos\/biblioteca-publica-de-valladolid\/","og_site_name":"EYPAR","twitter_card":"summary_large_image","twitter_misc":{"Est. reading time":"1 minute"},"schema":{"@context":"https:\/\/schema.org","@graph":[{"@type":"WebPage","@id":"https:\/\/eypar.com\/en\/proyectos\/biblioteca-publica-de-valladolid\/","url":"https:\/\/eypar.com\/en\/proyectos\/biblioteca-publica-de-valladolid\/","name":"Biblioteca p\u00fablica de Valladolid - EYPAR","isPartOf":{"@id":"https:\/\/eypar.com\/#website"},"primaryImageOfPage":{"@id":"https:\/\/eypar.com\/en\/proyectos\/biblioteca-publica-de-valladolid\/#primaryimage"},"image":{"@id":"https:\/\/eypar.com\/en\/proyectos\/biblioteca-publica-de-valladolid\/#primaryimage"},"thumbnailUrl":"https:\/\/eypar.com\/wp-content\/uploads\/2021\/12\/4-BIBLIOTECA_PUBLICA_DEL_ESTADO_EN_VALLADOLID_4-1024x751-1.jpg","datePublished":"2021-12-20T13:30:13+00:00","breadcrumb":{"@id":"https:\/\/eypar.com\/en\/proyectos\/biblioteca-publica-de-valladolid\/#breadcrumb"},"inLanguage":"en-US","potentialAction":[{"@type":"ReadAction","target":["https:\/\/eypar.com\/en\/proyectos\/biblioteca-publica-de-valladolid\/"]}]},{"@type":"ImageObject","inLanguage":"en-US","@id":"https:\/\/eypar.com\/en\/proyectos\/biblioteca-publica-de-valladolid\/#primaryimage","url":"https:\/\/eypar.com\/wp-content\/uploads\/2021\/12\/4-BIBLIOTECA_PUBLICA_DEL_ESTADO_EN_VALLADOLID_4-1024x751-1.jpg","contentUrl":"https:\/\/eypar.com\/wp-content\/uploads\/2021\/12\/4-BIBLIOTECA_PUBLICA_DEL_ESTADO_EN_VALLADOLID_4-1024x751-1.jpg","width":1024,"height":751},{"@type":"BreadcrumbList","@id":"https:\/\/eypar.com\/en\/proyectos\/biblioteca-publica-de-valladolid\/#breadcrumb","itemListElement":[{"@type":"ListItem","position":1,"name":"Inicio","item":"https:\/\/eypar.com\/en\/"},{"@type":"ListItem","position":2,"name":"Proyectos","item":"https:\/\/eypar.com\/project\/"},{"@type":"ListItem","position":3,"name":"Biblioteca p\u00fablica de Valladolid"}]},{"@type":"WebSite","@id":"https:\/\/eypar.com\/#website","url":"https:\/\/eypar.com\/","name":"EYPAR","description":"","publisher":{"@id":"https:\/\/eypar.com\/#organization"},"potentialAction":[{"@type":"SearchAction","target":{"@type":"EntryPoint","urlTemplate":"https:\/\/eypar.com\/?s={search_term_string}"},"query-input":{"@type":"PropertyValueSpecification","valueRequired":true,"valueName":"search_term_string"}}],"inLanguage":"en-US"},{"@type":"Organization","@id":"https:\/\/eypar.com\/#organization","name":"EYPAR","url":"https:\/\/eypar.com\/","logo":{"@type":"ImageObject","inLanguage":"en-US","@id":"https:\/\/eypar.com\/#\/schema\/logo\/image\/","url":"https:\/\/eypar.com\/wp-content\/uploads\/2021\/12\/eypar-soluciones-almacenamiento.png","contentUrl":"https:\/\/eypar.com\/wp-content\/uploads\/2021\/12\/eypar-soluciones-almacenamiento.png","width":304,"height":74,"caption":"EYPAR"},"image":{"@id":"https:\/\/eypar.com\/#\/schema\/logo\/image\/"}}]}},"_links":{"self":[{"href":"https:\/\/eypar.com\/en\/wp-json\/wp\/v2\/project\/4335"}],"collection":[{"href":"https:\/\/eypar.com\/en\/wp-json\/wp\/v2\/project"}],"about":[{"href":"https:\/\/eypar.com\/en\/wp-json\/wp\/v2\/types\/project"}],"author":[{"embeddable":true,"href":"https:\/\/eypar.com\/en\/wp-json\/wp\/v2\/users\/1"}],"version-history":[{"count":0,"href":"https:\/\/eypar.com\/en\/wp-json\/wp\/v2\/project\/4335\/revisions"}],"wp:featuredmedia":[{"embeddable":true,"href":"https:\/\/eypar.com\/en\/wp-json\/wp\/v2\/media\/3821"}],"wp:attachment":[{"href":"https:\/\/eypar.com\/en\/wp-json\/wp\/v2\/media?parent=4335"}],"wp:term":[{"taxonomy":"project_category","embeddable":true,"href":"https:\/\/eypar.com\/en\/wp-json\/wp\/v2\/project_category?post=4335"},{"taxonomy":"project_tag","embeddable":true,"href":"https:\/\/eypar.com\/en\/wp-json\/wp\/v2\/project_tag?post=4335"}],"curies":[{"name":"wp","href":"https:\/\/api.w.org\/{rel}","templated":true}]}}

Biblioteca pública de Valladolid

<p>La Biblioteca Pública de Valladolid tiene como misión proporcionar a sus usuarios, los materiales tradicionales (libros, publicaciones periódicas, audiovisuales, etc.) y los modernos servicios y soportes (multimedia, Internet…) que precisen para satisfacer sus necesidades de información, educación y acceso a la cultura.</p>
<p>EYPAR ha equipado ésta biblioteca con 2.000 metros lineales de armarios compactos EDISC.</p>
<p>Es la biblioteca de titularidad estatal de esta ciudad de acuerdo con el Convenio de Gestión establecido entre el Ministerio de Cultura y la Comunidad Autónoma, la gestión corresponde a la Junta de Castilla y León desde el año 1987.</p>

<p>La Biblioteca Pública de Valladolid tiene como misión proporcionar a sus usuarios, los materiales tradicionales (libros, publicaciones periódicas, audiovisuales, etc.) y los modernos servicios y soportes (multimedia, Internet…) que precisen para satisfacer sus necesidades de información, educación y acceso a la cultura. EYPAR ha equipado ésta biblioteca con 2.000 metros lineales de armarios compactos EDISC. [&hellip;]</p>

<!-- This site is optimized with the Yoast SEO plugin v25.2 - https://yoast.com/wordpress/plugins/seo/ -->
<title>Biblioteca pública de Valladolid - EYPAR</title>
<meta name="robots" content="index, follow, max-snippet:-1, max-image-preview:large, max-video-preview:-1" />
<link rel="canonical" href="https://eypar.com/en/proyectos/biblioteca-publica-de-valladolid/" />
<meta property="og:locale" content="en_US" />
<meta property="og:type" content="article" />
<meta property="og:title" content="Biblioteca pública de Valladolid - EYPAR" />
<meta property="og:description" content="La Biblioteca Pública de Valladolid tiene como misión proporcionar a sus usuarios, los materiales tradicionales (libros, publicaciones periódicas, audiovisuales, etc.) y los modernos servicios y soportes (multimedia, Internet…) que precisen para satisfacer sus necesidades de información, educación y acceso a la cultura. EYPAR ha equipado ésta biblioteca con 2.000 metros lineales de armarios compactos EDISC. [&hellip;]" />
<meta property="og:url" content="https://eypar.com/en/proyectos/biblioteca-publica-de-valladolid/" />
<meta property="og:site_name" content="EYPAR" />
<meta name="twitter:card" content="summary_large_image" />
<meta name="twitter:label1" content="Est. reading time" />
	<meta name="twitter:data1" content="1 minute" />
<script type="application/ld+json" class="yoast-schema-graph">{"@context":"https://schema.org","@graph":[{"@type":"WebPage","@id":"https://eypar.com/en/proyectos/biblioteca-publica-de-valladolid/","url":"https://eypar.com/en/proyectos/biblioteca-publica-de-valladolid/","name":"Biblioteca pública de Valladolid - EYPAR","isPartOf":{"@id":"https://eypar.com/#website"},"primaryImageOfPage":{"@id":"https://eypar.com/en/proyectos/biblioteca-publica-de-valladolid/#primaryimage"},"image":{"@id":"https://eypar.com/en/proyectos/biblioteca-publica-de-valladolid/#primaryimage"},"thumbnailUrl":"https://eypar.com/wp-content/uploads/2021/12/4-BIBLIOTECA_PUBLICA_DEL_ESTADO_EN_VALLADOLID_4-1024x751-1.jpg","datePublished":"2021-12-20T13:30:13+00:00","breadcrumb":{"@id":"https://eypar.com/en/proyectos/biblioteca-publica-de-valladolid/#breadcrumb"},"inLanguage":"en-US","potentialAction":[{"@type":"ReadAction","target":["https://eypar.com/en/proyectos/biblioteca-publica-de-valladolid/"]}]},{"@type":"ImageObject","inLanguage":"en-US","@id":"https://eypar.com/en/proyectos/biblioteca-publica-de-valladolid/#primaryimage","url":"https://eypar.com/wp-content/uploads/2021/12/4-BIBLIOTECA_PUBLICA_DEL_ESTADO_EN_VALLADOLID_4-1024x751-1.jpg","contentUrl":"https://eypar.com/wp-content/uploads/2021/12/4-BIBLIOTECA_PUBLICA_DEL_ESTADO_EN_VALLADOLID_4-1024x751-1.jpg","width":1024,"height":751},{"@type":"BreadcrumbList","@id":"https://eypar.com/en/proyectos/biblioteca-publica-de-valladolid/#breadcrumb","itemListElement":[{"@type":"ListItem","position":1,"name":"Inicio","item":"https://eypar.com/en/"},{"@type":"ListItem","position":2,"name":"Proyectos","item":"https://eypar.com/project/"},{"@type":"ListItem","position":3,"name":"Biblioteca pública de Valladolid"}]},{"@type":"WebSite","@id":"https://eypar.com/#website","url":"https://eypar.com/","name":"EYPAR","description":"","publisher":{"@id":"https://eypar.com/#organization"},"potentialAction":[{"@type":"SearchAction","target":{"@type":"EntryPoint","urlTemplate":"https://eypar.com/?s={search_term_string}"},"query-input":{"@type":"PropertyValueSpecification","valueRequired":true,"valueName":"search_term_string"}}],"inLanguage":"en-US"},{"@type":"Organization","@id":"https://eypar.com/#organization","name":"EYPAR","url":"https://eypar.com/","logo":{"@type":"ImageObject","inLanguage":"en-US","@id":"https://eypar.com/#/schema/logo/image/","url":"https://eypar.com/wp-content/uploads/2021/12/eypar-soluciones-almacenamiento.png","contentUrl":"https://eypar.com/wp-content/uploads/2021/12/eypar-soluciones-almacenamiento.png","width":304,"height":74,"caption":"EYPAR"},"image":{"@id":"https://eypar.com/#/schema/logo/image/"}}]}</script>
<!-- / Yoast SEO plugin. -->

Biblioteca pública de Valladolid - EYPAR

La Biblioteca Pública de Valladolid tiene como misión proporcionar a sus usuarios, los materiales tradicionales (libros, publicaciones periódicas, audiovisuales, etc.) y los modernos servicios y soportes (multimedia, Internet…) que precisen para satisfacer sus necesidades de información, educación y acceso a la cultura. EYPAR ha equipado ésta biblioteca con 2.000 metros lineales de armarios compactos EDISC. [&hellip;]
