{"id":4328,"date":"2021-12-20T13:37:50","date_gmt":"2021-12-20T13:37:50","guid":{"rendered":"https:\/\/eypar.com\/proyectos\/conjunto-arqueologico-madinat-al-zahra-cordoba\/"},"modified":"2021-12-20T13:37:50","modified_gmt":"2021-12-20T13:37:50","slug":"conjunto-arqueologico-madinat-al-zahra-cordoba","status":"publish","type":"project","link":"https:\/\/eypar.com\/en\/project\/conjunto-arqueologico-madinat-al-zahra-cordoba\/","title":{"rendered":"Conjunto arqueol\u00f3gico Madinat Al-zahra, C\u00f3rdoba"},"content":{"rendered":"<p>Pr\u00f3ximo a las ruinas de la antigua ciudad Madinat Al-Zahra, es un complejo edificio dise\u00f1ado por el estudio de arquitectura Nieto y Sobejano que combina espacios propios de un museo moderno y la infraestructura necesaria para la gesti\u00f3n patrimonial que demanda el conjunto arqueol\u00f3gico de la antigua ciudad califal. EYPAR result\u00f3 adjudicataria del concurso convocado para el suministro de varios equipos de armarios compactos ELOGIC (5.500 metros lineales) para equipar los diferentes almacenes. Proyecto realizado en 2008.<\/p>\n","protected":false},"excerpt":{"rendered":"<p>Pr\u00f3ximo a las ruinas de la antigua ciudad Madinat Al-Zahra, es un complejo edificio dise\u00f1ado por el estudio de arquitectura Nieto y Sobejano que combina espacios propios de un museo moderno y la infraestructura necesaria para la gesti\u00f3n patrimonial que demanda el conjunto arqueol\u00f3gico de la antigua ciudad califal. EYPAR result\u00f3 adjudicataria del concurso convocado [&hellip;]<\/p>\n","protected":false},"author":1,"featured_media":2985,"template":"","meta":{"_acf_changed":false,"_et_pb_use_builder":"","_et_pb_old_content":"","_et_gb_content_width":"","footnotes":""},"project_category":[],"project_tag":[],"class_list":["post-4328","project","type-project","status-publish","has-post-thumbnail","hentry"],"acf":[],"yoast_head":"<!-- This site is optimized with the Yoast SEO plugin v25.2 - https:\/\/yoast.com\/wordpress\/plugins\/seo\/ -->\n<title>Conjunto arqueol\u00f3gico Madinat Al-zahra, C\u00f3rdoba - EYPAR<\/title>\n<meta name=\"robots\" content=\"index, follow, max-snippet:-1, max-image-preview:large, max-video-preview:-1\" \/>\n<link rel=\"canonical\" href=\"https:\/\/eypar.com\/en\/proyectos\/conjunto-arqueologico-madinat-al-zahra-cordoba\/\" \/>\n<meta property=\"og:locale\" content=\"en_US\" \/>\n<meta property=\"og:type\" content=\"article\" \/>\n<meta property=\"og:title\" content=\"Conjunto arqueol\u00f3gico Madinat Al-zahra, C\u00f3rdoba - EYPAR\" \/>\n<meta property=\"og:description\" content=\"Pr\u00f3ximo a las ruinas de la antigua ciudad Madinat Al-Zahra, es un complejo edificio dise\u00f1ado por el estudio de arquitectura Nieto y Sobejano que combina espacios propios de un museo moderno y la infraestructura necesaria para la gesti\u00f3n patrimonial que demanda el conjunto arqueol\u00f3gico de la antigua ciudad califal. EYPAR result\u00f3 adjudicataria del concurso convocado [&hellip;]\" \/>\n<meta property=\"og:url\" content=\"https:\/\/eypar.com\/en\/proyectos\/conjunto-arqueologico-madinat-al-zahra-cordoba\/\" \/>\n<meta property=\"og:site_name\" content=\"EYPAR\" \/>\n<meta name=\"twitter:card\" content=\"summary_large_image\" \/>\n<script type=\"application\/ld+json\" class=\"yoast-schema-graph\">{\"@context\":\"https:\/\/schema.org\",\"@graph\":[{\"@type\":\"WebPage\",\"@id\":\"https:\/\/eypar.com\/en\/proyectos\/conjunto-arqueologico-madinat-al-zahra-cordoba\/\",\"url\":\"https:\/\/eypar.com\/en\/proyectos\/conjunto-arqueologico-madinat-al-zahra-cordoba\/\",\"name\":\"Conjunto arqueol\u00f3gico Madinat Al-zahra, C\u00f3rdoba - EYPAR\",\"isPartOf\":{\"@id\":\"https:\/\/eypar.com\/#website\"},\"primaryImageOfPage\":{\"@id\":\"https:\/\/eypar.com\/en\/proyectos\/conjunto-arqueologico-madinat-al-zahra-cordoba\/#primaryimage\"},\"image\":{\"@id\":\"https:\/\/eypar.com\/en\/proyectos\/conjunto-arqueologico-madinat-al-zahra-cordoba\/#primaryimage\"},\"thumbnailUrl\":\"https:\/\/eypar.com\/wp-content\/uploads\/2021\/12\/MADINAT_AL-ZAHRA_2.jpg\",\"datePublished\":\"2021-12-20T13:37:50+00:00\",\"breadcrumb\":{\"@id\":\"https:\/\/eypar.com\/en\/proyectos\/conjunto-arqueologico-madinat-al-zahra-cordoba\/#breadcrumb\"},\"inLanguage\":\"en-US\",\"potentialAction\":[{\"@type\":\"ReadAction\",\"target\":[\"https:\/\/eypar.com\/en\/proyectos\/conjunto-arqueologico-madinat-al-zahra-cordoba\/\"]}]},{\"@type\":\"ImageObject\",\"inLanguage\":\"en-US\",\"@id\":\"https:\/\/eypar.com\/en\/proyectos\/conjunto-arqueologico-madinat-al-zahra-cordoba\/#primaryimage\",\"url\":\"https:\/\/eypar.com\/wp-content\/uploads\/2021\/12\/MADINAT_AL-ZAHRA_2.jpg\",\"contentUrl\":\"https:\/\/eypar.com\/wp-content\/uploads\/2021\/12\/MADINAT_AL-ZAHRA_2.jpg\",\"width\":1000,\"height\":999},{\"@type\":\"BreadcrumbList\",\"@id\":\"https:\/\/eypar.com\/en\/proyectos\/conjunto-arqueologico-madinat-al-zahra-cordoba\/#breadcrumb\",\"itemListElement\":[{\"@type\":\"ListItem\",\"position\":1,\"name\":\"Inicio\",\"item\":\"https:\/\/eypar.com\/en\/\"},{\"@type\":\"ListItem\",\"position\":2,\"name\":\"Proyectos\",\"item\":\"https:\/\/eypar.com\/project\/\"},{\"@type\":\"ListItem\",\"position\":3,\"name\":\"Conjunto arqueol\u00f3gico Madinat Al-zahra, C\u00f3rdoba\"}]},{\"@type\":\"WebSite\",\"@id\":\"https:\/\/eypar.com\/#website\",\"url\":\"https:\/\/eypar.com\/\",\"name\":\"EYPAR\",\"description\":\"\",\"publisher\":{\"@id\":\"https:\/\/eypar.com\/#organization\"},\"potentialAction\":[{\"@type\":\"SearchAction\",\"target\":{\"@type\":\"EntryPoint\",\"urlTemplate\":\"https:\/\/eypar.com\/?s={search_term_string}\"},\"query-input\":{\"@type\":\"PropertyValueSpecification\",\"valueRequired\":true,\"valueName\":\"search_term_string\"}}],\"inLanguage\":\"en-US\"},{\"@type\":\"Organization\",\"@id\":\"https:\/\/eypar.com\/#organization\",\"name\":\"EYPAR\",\"url\":\"https:\/\/eypar.com\/\",\"logo\":{\"@type\":\"ImageObject\",\"inLanguage\":\"en-US\",\"@id\":\"https:\/\/eypar.com\/#\/schema\/logo\/image\/\",\"url\":\"https:\/\/eypar.com\/wp-content\/uploads\/2021\/12\/eypar-soluciones-almacenamiento.png\",\"contentUrl\":\"https:\/\/eypar.com\/wp-content\/uploads\/2021\/12\/eypar-soluciones-almacenamiento.png\",\"width\":304,\"height\":74,\"caption\":\"EYPAR\"},\"image\":{\"@id\":\"https:\/\/eypar.com\/#\/schema\/logo\/image\/\"}}]}<\/script>\n<!-- \/ Yoast SEO plugin. -->","yoast_head_json":{"title":"Conjunto arqueol\u00f3gico Madinat Al-zahra, C\u00f3rdoba - EYPAR","robots":{"index":"index","follow":"follow","max-snippet":"max-snippet:-1","max-image-preview":"max-image-preview:large","max-video-preview":"max-video-preview:-1"},"canonical":"https:\/\/eypar.com\/en\/proyectos\/conjunto-arqueologico-madinat-al-zahra-cordoba\/","og_locale":"en_US","og_type":"article","og_title":"Conjunto arqueol\u00f3gico Madinat Al-zahra, C\u00f3rdoba - EYPAR","og_description":"Pr\u00f3ximo a las ruinas de la antigua ciudad Madinat Al-Zahra, es un complejo edificio dise\u00f1ado por el estudio de arquitectura Nieto y Sobejano que combina espacios propios de un museo moderno y la infraestructura necesaria para la gesti\u00f3n patrimonial que demanda el conjunto arqueol\u00f3gico de la antigua ciudad califal. EYPAR result\u00f3 adjudicataria del concurso convocado [&hellip;]","og_url":"https:\/\/eypar.com\/en\/proyectos\/conjunto-arqueologico-madinat-al-zahra-cordoba\/","og_site_name":"EYPAR","twitter_card":"summary_large_image","schema":{"@context":"https:\/\/schema.org","@graph":[{"@type":"WebPage","@id":"https:\/\/eypar.com\/en\/proyectos\/conjunto-arqueologico-madinat-al-zahra-cordoba\/","url":"https:\/\/eypar.com\/en\/proyectos\/conjunto-arqueologico-madinat-al-zahra-cordoba\/","name":"Conjunto arqueol\u00f3gico Madinat Al-zahra, C\u00f3rdoba - EYPAR","isPartOf":{"@id":"https:\/\/eypar.com\/#website"},"primaryImageOfPage":{"@id":"https:\/\/eypar.com\/en\/proyectos\/conjunto-arqueologico-madinat-al-zahra-cordoba\/#primaryimage"},"image":{"@id":"https:\/\/eypar.com\/en\/proyectos\/conjunto-arqueologico-madinat-al-zahra-cordoba\/#primaryimage"},"thumbnailUrl":"https:\/\/eypar.com\/wp-content\/uploads\/2021\/12\/MADINAT_AL-ZAHRA_2.jpg","datePublished":"2021-12-20T13:37:50+00:00","breadcrumb":{"@id":"https:\/\/eypar.com\/en\/proyectos\/conjunto-arqueologico-madinat-al-zahra-cordoba\/#breadcrumb"},"inLanguage":"en-US","potentialAction":[{"@type":"ReadAction","target":["https:\/\/eypar.com\/en\/proyectos\/conjunto-arqueologico-madinat-al-zahra-cordoba\/"]}]},{"@type":"ImageObject","inLanguage":"en-US","@id":"https:\/\/eypar.com\/en\/proyectos\/conjunto-arqueologico-madinat-al-zahra-cordoba\/#primaryimage","url":"https:\/\/eypar.com\/wp-content\/uploads\/2021\/12\/MADINAT_AL-ZAHRA_2.jpg","contentUrl":"https:\/\/eypar.com\/wp-content\/uploads\/2021\/12\/MADINAT_AL-ZAHRA_2.jpg","width":1000,"height":999},{"@type":"BreadcrumbList","@id":"https:\/\/eypar.com\/en\/proyectos\/conjunto-arqueologico-madinat-al-zahra-cordoba\/#breadcrumb","itemListElement":[{"@type":"ListItem","position":1,"name":"Inicio","item":"https:\/\/eypar.com\/en\/"},{"@type":"ListItem","position":2,"name":"Proyectos","item":"https:\/\/eypar.com\/project\/"},{"@type":"ListItem","position":3,"name":"Conjunto arqueol\u00f3gico Madinat Al-zahra, C\u00f3rdoba"}]},{"@type":"WebSite","@id":"https:\/\/eypar.com\/#website","url":"https:\/\/eypar.com\/","name":"EYPAR","description":"","publisher":{"@id":"https:\/\/eypar.com\/#organization"},"potentialAction":[{"@type":"SearchAction","target":{"@type":"EntryPoint","urlTemplate":"https:\/\/eypar.com\/?s={search_term_string}"},"query-input":{"@type":"PropertyValueSpecification","valueRequired":true,"valueName":"search_term_string"}}],"inLanguage":"en-US"},{"@type":"Organization","@id":"https:\/\/eypar.com\/#organization","name":"EYPAR","url":"https:\/\/eypar.com\/","logo":{"@type":"ImageObject","inLanguage":"en-US","@id":"https:\/\/eypar.com\/#\/schema\/logo\/image\/","url":"https:\/\/eypar.com\/wp-content\/uploads\/2021\/12\/eypar-soluciones-almacenamiento.png","contentUrl":"https:\/\/eypar.com\/wp-content\/uploads\/2021\/12\/eypar-soluciones-almacenamiento.png","width":304,"height":74,"caption":"EYPAR"},"image":{"@id":"https:\/\/eypar.com\/#\/schema\/logo\/image\/"}}]}},"_links":{"self":[{"href":"https:\/\/eypar.com\/en\/wp-json\/wp\/v2\/project\/4328"}],"collection":[{"href":"https:\/\/eypar.com\/en\/wp-json\/wp\/v2\/project"}],"about":[{"href":"https:\/\/eypar.com\/en\/wp-json\/wp\/v2\/types\/project"}],"author":[{"embeddable":true,"href":"https:\/\/eypar.com\/en\/wp-json\/wp\/v2\/users\/1"}],"version-history":[{"count":0,"href":"https:\/\/eypar.com\/en\/wp-json\/wp\/v2\/project\/4328\/revisions"}],"wp:featuredmedia":[{"embeddable":true,"href":"https:\/\/eypar.com\/en\/wp-json\/wp\/v2\/media\/2985"}],"wp:attachment":[{"href":"https:\/\/eypar.com\/en\/wp-json\/wp\/v2\/media?parent=4328"}],"wp:term":[{"taxonomy":"project_category","embeddable":true,"href":"https:\/\/eypar.com\/en\/wp-json\/wp\/v2\/project_category?post=4328"},{"taxonomy":"project_tag","embeddable":true,"href":"https:\/\/eypar.com\/en\/wp-json\/wp\/v2\/project_tag?post=4328"}],"curies":[{"name":"wp","href":"https:\/\/api.w.org\/{rel}","templated":true}]}}

Conjunto arqueológico Madinat Al-zahra, Córdoba

<p>Próximo a las ruinas de la antigua ciudad Madinat Al-Zahra, es un complejo edificio diseñado por el estudio de arquitectura Nieto y Sobejano que combina espacios propios de un museo moderno y la infraestructura necesaria para la gestión patrimonial que demanda el conjunto arqueológico de la antigua ciudad califal. EYPAR resultó adjudicataria del concurso convocado para el suministro de varios equipos de armarios compactos ELOGIC (5.500 metros lineales) para equipar los diferentes almacenes. Proyecto realizado en 2008.</p>

<p>Próximo a las ruinas de la antigua ciudad Madinat Al-Zahra, es un complejo edificio diseñado por el estudio de arquitectura Nieto y Sobejano que combina espacios propios de un museo moderno y la infraestructura necesaria para la gestión patrimonial que demanda el conjunto arqueológico de la antigua ciudad califal. EYPAR resultó adjudicataria del concurso convocado [&hellip;]</p>

<!-- This site is optimized with the Yoast SEO plugin v25.2 - https://yoast.com/wordpress/plugins/seo/ -->
<title>Conjunto arqueológico Madinat Al-zahra, Córdoba - EYPAR</title>
<meta name="robots" content="index, follow, max-snippet:-1, max-image-preview:large, max-video-preview:-1" />
<link rel="canonical" href="https://eypar.com/en/proyectos/conjunto-arqueologico-madinat-al-zahra-cordoba/" />
<meta property="og:locale" content="en_US" />
<meta property="og:type" content="article" />
<meta property="og:title" content="Conjunto arqueológico Madinat Al-zahra, Córdoba - EYPAR" />
<meta property="og:description" content="Próximo a las ruinas de la antigua ciudad Madinat Al-Zahra, es un complejo edificio diseñado por el estudio de arquitectura Nieto y Sobejano que combina espacios propios de un museo moderno y la infraestructura necesaria para la gestión patrimonial que demanda el conjunto arqueológico de la antigua ciudad califal. EYPAR resultó adjudicataria del concurso convocado [&hellip;]" />
<meta property="og:url" content="https://eypar.com/en/proyectos/conjunto-arqueologico-madinat-al-zahra-cordoba/" />
<meta property="og:site_name" content="EYPAR" />
<meta name="twitter:card" content="summary_large_image" />
<script type="application/ld+json" class="yoast-schema-graph">{"@context":"https://schema.org","@graph":[{"@type":"WebPage","@id":"https://eypar.com/en/proyectos/conjunto-arqueologico-madinat-al-zahra-cordoba/","url":"https://eypar.com/en/proyectos/conjunto-arqueologico-madinat-al-zahra-cordoba/","name":"Conjunto arqueológico Madinat Al-zahra, Córdoba - EYPAR","isPartOf":{"@id":"https://eypar.com/#website"},"primaryImageOfPage":{"@id":"https://eypar.com/en/proyectos/conjunto-arqueologico-madinat-al-zahra-cordoba/#primaryimage"},"image":{"@id":"https://eypar.com/en/proyectos/conjunto-arqueologico-madinat-al-zahra-cordoba/#primaryimage"},"thumbnailUrl":"https://eypar.com/wp-content/uploads/2021/12/MADINAT_AL-ZAHRA_2.jpg","datePublished":"2021-12-20T13:37:50+00:00","breadcrumb":{"@id":"https://eypar.com/en/proyectos/conjunto-arqueologico-madinat-al-zahra-cordoba/#breadcrumb"},"inLanguage":"en-US","potentialAction":[{"@type":"ReadAction","target":["https://eypar.com/en/proyectos/conjunto-arqueologico-madinat-al-zahra-cordoba/"]}]},{"@type":"ImageObject","inLanguage":"en-US","@id":"https://eypar.com/en/proyectos/conjunto-arqueologico-madinat-al-zahra-cordoba/#primaryimage","url":"https://eypar.com/wp-content/uploads/2021/12/MADINAT_AL-ZAHRA_2.jpg","contentUrl":"https://eypar.com/wp-content/uploads/2021/12/MADINAT_AL-ZAHRA_2.jpg","width":1000,"height":999},{"@type":"BreadcrumbList","@id":"https://eypar.com/en/proyectos/conjunto-arqueologico-madinat-al-zahra-cordoba/#breadcrumb","itemListElement":[{"@type":"ListItem","position":1,"name":"Inicio","item":"https://eypar.com/en/"},{"@type":"ListItem","position":2,"name":"Proyectos","item":"https://eypar.com/project/"},{"@type":"ListItem","position":3,"name":"Conjunto arqueológico Madinat Al-zahra, Córdoba"}]},{"@type":"WebSite","@id":"https://eypar.com/#website","url":"https://eypar.com/","name":"EYPAR","description":"","publisher":{"@id":"https://eypar.com/#organization"},"potentialAction":[{"@type":"SearchAction","target":{"@type":"EntryPoint","urlTemplate":"https://eypar.com/?s={search_term_string}"},"query-input":{"@type":"PropertyValueSpecification","valueRequired":true,"valueName":"search_term_string"}}],"inLanguage":"en-US"},{"@type":"Organization","@id":"https://eypar.com/#organization","name":"EYPAR","url":"https://eypar.com/","logo":{"@type":"ImageObject","inLanguage":"en-US","@id":"https://eypar.com/#/schema/logo/image/","url":"https://eypar.com/wp-content/uploads/2021/12/eypar-soluciones-almacenamiento.png","contentUrl":"https://eypar.com/wp-content/uploads/2021/12/eypar-soluciones-almacenamiento.png","width":304,"height":74,"caption":"EYPAR"},"image":{"@id":"https://eypar.com/#/schema/logo/image/"}}]}</script>
<!-- / Yoast SEO plugin. -->

Conjunto arqueológico Madinat Al-zahra, Córdoba - EYPAR

Próximo a las ruinas de la antigua ciudad Madinat Al-Zahra, es un complejo edificio diseñado por el estudio de arquitectura Nieto y Sobejano que combina espacios propios de un museo moderno y la infraestructura necesaria para la gestión patrimonial que demanda el conjunto arqueológico de la antigua ciudad califal. EYPAR resultó adjudicataria del concurso convocado [&hellip;]
