{"id":4323,"date":"2021-12-20T13:42:39","date_gmt":"2021-12-20T13:42:39","guid":{"rendered":"https:\/\/eypar.com\/proyectos\/biblioteca-nacional-madrid\/"},"modified":"2021-12-20T13:42:39","modified_gmt":"2021-12-20T13:42:39","slug":"biblioteca-nacional-madrid","status":"publish","type":"project","link":"https:\/\/eypar.com\/en\/project\/biblioteca-nacional-madrid\/","title":{"rendered":"Biblioteca Nacional, Madrid"},"content":{"rendered":"<p>El Ministerio de Cultura adjudica a EYPAR el suministro de un equipo de armarios compactos ELOGIC para instalar en el s\u00f3tano del m\u00f3dulo 4 de la sede de la Biblioteca Nacional en Alcal\u00e1 de Henares. El archivo est\u00e1 destinado al dep\u00f3sito de Carteles y Mapas de formatos variados. La capacidad del los armarios suministrados permite albergar una cantidad pr\u00f3xima a los 150.000 Carteles. Proyecto realizado en 2009.<\/p>\n","protected":false},"excerpt":{"rendered":"<p>El Ministerio de Cultura adjudica a EYPAR el suministro de un equipo de armarios compactos ELOGIC para instalar en el s\u00f3tano del m\u00f3dulo 4 de la sede de la Biblioteca Nacional en Alcal\u00e1 de Henares. El archivo est\u00e1 destinado al dep\u00f3sito de Carteles y Mapas de formatos variados. La capacidad del los armarios suministrados permite [&hellip;]<\/p>\n","protected":false},"author":1,"featured_media":3005,"template":"","meta":{"_acf_changed":false,"_et_pb_use_builder":"","_et_pb_old_content":"","_et_gb_content_width":"","footnotes":""},"project_category":[],"project_tag":[],"class_list":["post-4323","project","type-project","status-publish","has-post-thumbnail","hentry"],"acf":[],"yoast_head":"<!-- This site is optimized with the Yoast SEO plugin v25.2 - https:\/\/yoast.com\/wordpress\/plugins\/seo\/ -->\n<title>Biblioteca Nacional, Madrid - EYPAR<\/title>\n<meta name=\"robots\" content=\"index, follow, max-snippet:-1, max-image-preview:large, max-video-preview:-1\" \/>\n<link rel=\"canonical\" href=\"https:\/\/eypar.com\/en\/proyectos\/biblioteca-nacional-madrid\/\" \/>\n<meta property=\"og:locale\" content=\"en_US\" \/>\n<meta property=\"og:type\" content=\"article\" \/>\n<meta property=\"og:title\" content=\"Biblioteca Nacional, Madrid - EYPAR\" \/>\n<meta property=\"og:description\" content=\"El Ministerio de Cultura adjudica a EYPAR el suministro de un equipo de armarios compactos ELOGIC para instalar en el s\u00f3tano del m\u00f3dulo 4 de la sede de la Biblioteca Nacional en Alcal\u00e1 de Henares. El archivo est\u00e1 destinado al dep\u00f3sito de Carteles y Mapas de formatos variados. La capacidad del los armarios suministrados permite [&hellip;]\" \/>\n<meta property=\"og:url\" content=\"https:\/\/eypar.com\/en\/proyectos\/biblioteca-nacional-madrid\/\" \/>\n<meta property=\"og:site_name\" content=\"EYPAR\" \/>\n<meta name=\"twitter:card\" content=\"summary_large_image\" \/>\n<script type=\"application\/ld+json\" class=\"yoast-schema-graph\">{\"@context\":\"https:\/\/schema.org\",\"@graph\":[{\"@type\":\"WebPage\",\"@id\":\"https:\/\/eypar.com\/en\/proyectos\/biblioteca-nacional-madrid\/\",\"url\":\"https:\/\/eypar.com\/en\/proyectos\/biblioteca-nacional-madrid\/\",\"name\":\"Biblioteca Nacional, Madrid - EYPAR\",\"isPartOf\":{\"@id\":\"https:\/\/eypar.com\/#website\"},\"primaryImageOfPage\":{\"@id\":\"https:\/\/eypar.com\/en\/proyectos\/biblioteca-nacional-madrid\/#primaryimage\"},\"image\":{\"@id\":\"https:\/\/eypar.com\/en\/proyectos\/biblioteca-nacional-madrid\/#primaryimage\"},\"thumbnailUrl\":\"https:\/\/eypar.com\/wp-content\/uploads\/2021\/12\/BIBLIOTECA-NACIONAL1.jpg\",\"datePublished\":\"2021-12-20T13:42:39+00:00\",\"breadcrumb\":{\"@id\":\"https:\/\/eypar.com\/en\/proyectos\/biblioteca-nacional-madrid\/#breadcrumb\"},\"inLanguage\":\"en-US\",\"potentialAction\":[{\"@type\":\"ReadAction\",\"target\":[\"https:\/\/eypar.com\/en\/proyectos\/biblioteca-nacional-madrid\/\"]}]},{\"@type\":\"ImageObject\",\"inLanguage\":\"en-US\",\"@id\":\"https:\/\/eypar.com\/en\/proyectos\/biblioteca-nacional-madrid\/#primaryimage\",\"url\":\"https:\/\/eypar.com\/wp-content\/uploads\/2021\/12\/BIBLIOTECA-NACIONAL1.jpg\",\"contentUrl\":\"https:\/\/eypar.com\/wp-content\/uploads\/2021\/12\/BIBLIOTECA-NACIONAL1.jpg\",\"width\":720,\"height\":461},{\"@type\":\"BreadcrumbList\",\"@id\":\"https:\/\/eypar.com\/en\/proyectos\/biblioteca-nacional-madrid\/#breadcrumb\",\"itemListElement\":[{\"@type\":\"ListItem\",\"position\":1,\"name\":\"Inicio\",\"item\":\"https:\/\/eypar.com\/en\/\"},{\"@type\":\"ListItem\",\"position\":2,\"name\":\"Proyectos\",\"item\":\"https:\/\/eypar.com\/project\/\"},{\"@type\":\"ListItem\",\"position\":3,\"name\":\"Biblioteca Nacional, Madrid\"}]},{\"@type\":\"WebSite\",\"@id\":\"https:\/\/eypar.com\/#website\",\"url\":\"https:\/\/eypar.com\/\",\"name\":\"EYPAR\",\"description\":\"\",\"publisher\":{\"@id\":\"https:\/\/eypar.com\/#organization\"},\"potentialAction\":[{\"@type\":\"SearchAction\",\"target\":{\"@type\":\"EntryPoint\",\"urlTemplate\":\"https:\/\/eypar.com\/?s={search_term_string}\"},\"query-input\":{\"@type\":\"PropertyValueSpecification\",\"valueRequired\":true,\"valueName\":\"search_term_string\"}}],\"inLanguage\":\"en-US\"},{\"@type\":\"Organization\",\"@id\":\"https:\/\/eypar.com\/#organization\",\"name\":\"EYPAR\",\"url\":\"https:\/\/eypar.com\/\",\"logo\":{\"@type\":\"ImageObject\",\"inLanguage\":\"en-US\",\"@id\":\"https:\/\/eypar.com\/#\/schema\/logo\/image\/\",\"url\":\"https:\/\/eypar.com\/wp-content\/uploads\/2021\/12\/eypar-soluciones-almacenamiento.png\",\"contentUrl\":\"https:\/\/eypar.com\/wp-content\/uploads\/2021\/12\/eypar-soluciones-almacenamiento.png\",\"width\":304,\"height\":74,\"caption\":\"EYPAR\"},\"image\":{\"@id\":\"https:\/\/eypar.com\/#\/schema\/logo\/image\/\"}}]}<\/script>\n<!-- \/ Yoast SEO plugin. -->","yoast_head_json":{"title":"Biblioteca Nacional, Madrid - EYPAR","robots":{"index":"index","follow":"follow","max-snippet":"max-snippet:-1","max-image-preview":"max-image-preview:large","max-video-preview":"max-video-preview:-1"},"canonical":"https:\/\/eypar.com\/en\/proyectos\/biblioteca-nacional-madrid\/","og_locale":"en_US","og_type":"article","og_title":"Biblioteca Nacional, Madrid - EYPAR","og_description":"El Ministerio de Cultura adjudica a EYPAR el suministro de un equipo de armarios compactos ELOGIC para instalar en el s\u00f3tano del m\u00f3dulo 4 de la sede de la Biblioteca Nacional en Alcal\u00e1 de Henares. El archivo est\u00e1 destinado al dep\u00f3sito de Carteles y Mapas de formatos variados. La capacidad del los armarios suministrados permite [&hellip;]","og_url":"https:\/\/eypar.com\/en\/proyectos\/biblioteca-nacional-madrid\/","og_site_name":"EYPAR","twitter_card":"summary_large_image","schema":{"@context":"https:\/\/schema.org","@graph":[{"@type":"WebPage","@id":"https:\/\/eypar.com\/en\/proyectos\/biblioteca-nacional-madrid\/","url":"https:\/\/eypar.com\/en\/proyectos\/biblioteca-nacional-madrid\/","name":"Biblioteca Nacional, Madrid - EYPAR","isPartOf":{"@id":"https:\/\/eypar.com\/#website"},"primaryImageOfPage":{"@id":"https:\/\/eypar.com\/en\/proyectos\/biblioteca-nacional-madrid\/#primaryimage"},"image":{"@id":"https:\/\/eypar.com\/en\/proyectos\/biblioteca-nacional-madrid\/#primaryimage"},"thumbnailUrl":"https:\/\/eypar.com\/wp-content\/uploads\/2021\/12\/BIBLIOTECA-NACIONAL1.jpg","datePublished":"2021-12-20T13:42:39+00:00","breadcrumb":{"@id":"https:\/\/eypar.com\/en\/proyectos\/biblioteca-nacional-madrid\/#breadcrumb"},"inLanguage":"en-US","potentialAction":[{"@type":"ReadAction","target":["https:\/\/eypar.com\/en\/proyectos\/biblioteca-nacional-madrid\/"]}]},{"@type":"ImageObject","inLanguage":"en-US","@id":"https:\/\/eypar.com\/en\/proyectos\/biblioteca-nacional-madrid\/#primaryimage","url":"https:\/\/eypar.com\/wp-content\/uploads\/2021\/12\/BIBLIOTECA-NACIONAL1.jpg","contentUrl":"https:\/\/eypar.com\/wp-content\/uploads\/2021\/12\/BIBLIOTECA-NACIONAL1.jpg","width":720,"height":461},{"@type":"BreadcrumbList","@id":"https:\/\/eypar.com\/en\/proyectos\/biblioteca-nacional-madrid\/#breadcrumb","itemListElement":[{"@type":"ListItem","position":1,"name":"Inicio","item":"https:\/\/eypar.com\/en\/"},{"@type":"ListItem","position":2,"name":"Proyectos","item":"https:\/\/eypar.com\/project\/"},{"@type":"ListItem","position":3,"name":"Biblioteca Nacional, Madrid"}]},{"@type":"WebSite","@id":"https:\/\/eypar.com\/#website","url":"https:\/\/eypar.com\/","name":"EYPAR","description":"","publisher":{"@id":"https:\/\/eypar.com\/#organization"},"potentialAction":[{"@type":"SearchAction","target":{"@type":"EntryPoint","urlTemplate":"https:\/\/eypar.com\/?s={search_term_string}"},"query-input":{"@type":"PropertyValueSpecification","valueRequired":true,"valueName":"search_term_string"}}],"inLanguage":"en-US"},{"@type":"Organization","@id":"https:\/\/eypar.com\/#organization","name":"EYPAR","url":"https:\/\/eypar.com\/","logo":{"@type":"ImageObject","inLanguage":"en-US","@id":"https:\/\/eypar.com\/#\/schema\/logo\/image\/","url":"https:\/\/eypar.com\/wp-content\/uploads\/2021\/12\/eypar-soluciones-almacenamiento.png","contentUrl":"https:\/\/eypar.com\/wp-content\/uploads\/2021\/12\/eypar-soluciones-almacenamiento.png","width":304,"height":74,"caption":"EYPAR"},"image":{"@id":"https:\/\/eypar.com\/#\/schema\/logo\/image\/"}}]}},"_links":{"self":[{"href":"https:\/\/eypar.com\/en\/wp-json\/wp\/v2\/project\/4323"}],"collection":[{"href":"https:\/\/eypar.com\/en\/wp-json\/wp\/v2\/project"}],"about":[{"href":"https:\/\/eypar.com\/en\/wp-json\/wp\/v2\/types\/project"}],"author":[{"embeddable":true,"href":"https:\/\/eypar.com\/en\/wp-json\/wp\/v2\/users\/1"}],"version-history":[{"count":0,"href":"https:\/\/eypar.com\/en\/wp-json\/wp\/v2\/project\/4323\/revisions"}],"wp:featuredmedia":[{"embeddable":true,"href":"https:\/\/eypar.com\/en\/wp-json\/wp\/v2\/media\/3005"}],"wp:attachment":[{"href":"https:\/\/eypar.com\/en\/wp-json\/wp\/v2\/media?parent=4323"}],"wp:term":[{"taxonomy":"project_category","embeddable":true,"href":"https:\/\/eypar.com\/en\/wp-json\/wp\/v2\/project_category?post=4323"},{"taxonomy":"project_tag","embeddable":true,"href":"https:\/\/eypar.com\/en\/wp-json\/wp\/v2\/project_tag?post=4323"}],"curies":[{"name":"wp","href":"https:\/\/api.w.org\/{rel}","templated":true}]}}

<p>El Ministerio de Cultura adjudica a EYPAR el suministro de un equipo de armarios compactos ELOGIC para instalar en el sótano del módulo 4 de la sede de la Biblioteca Nacional en Alcalá de Henares. El archivo está destinado al depósito de Carteles y Mapas de formatos variados. La capacidad del los armarios suministrados permite albergar una cantidad próxima a los 150.000 Carteles. Proyecto realizado en 2009.</p>

<p>El Ministerio de Cultura adjudica a EYPAR el suministro de un equipo de armarios compactos ELOGIC para instalar en el sótano del módulo 4 de la sede de la Biblioteca Nacional en Alcalá de Henares. El archivo está destinado al depósito de Carteles y Mapas de formatos variados. La capacidad del los armarios suministrados permite [&hellip;]</p>

<!-- This site is optimized with the Yoast SEO plugin v25.2 - https://yoast.com/wordpress/plugins/seo/ -->
<title>Biblioteca Nacional, Madrid - EYPAR</title>
<meta name="robots" content="index, follow, max-snippet:-1, max-image-preview:large, max-video-preview:-1" />
<link rel="canonical" href="https://eypar.com/en/proyectos/biblioteca-nacional-madrid/" />
<meta property="og:locale" content="en_US" />
<meta property="og:type" content="article" />
<meta property="og:title" content="Biblioteca Nacional, Madrid - EYPAR" />
<meta property="og:description" content="El Ministerio de Cultura adjudica a EYPAR el suministro de un equipo de armarios compactos ELOGIC para instalar en el sótano del módulo 4 de la sede de la Biblioteca Nacional en Alcalá de Henares. El archivo está destinado al depósito de Carteles y Mapas de formatos variados. La capacidad del los armarios suministrados permite [&hellip;]" />
<meta property="og:url" content="https://eypar.com/en/proyectos/biblioteca-nacional-madrid/" />
<meta property="og:site_name" content="EYPAR" />
<meta name="twitter:card" content="summary_large_image" />
<script type="application/ld+json" class="yoast-schema-graph">{"@context":"https://schema.org","@graph":[{"@type":"WebPage","@id":"https://eypar.com/en/proyectos/biblioteca-nacional-madrid/","url":"https://eypar.com/en/proyectos/biblioteca-nacional-madrid/","name":"Biblioteca Nacional, Madrid - EYPAR","isPartOf":{"@id":"https://eypar.com/#website"},"primaryImageOfPage":{"@id":"https://eypar.com/en/proyectos/biblioteca-nacional-madrid/#primaryimage"},"image":{"@id":"https://eypar.com/en/proyectos/biblioteca-nacional-madrid/#primaryimage"},"thumbnailUrl":"https://eypar.com/wp-content/uploads/2021/12/BIBLIOTECA-NACIONAL1.jpg","datePublished":"2021-12-20T13:42:39+00:00","breadcrumb":{"@id":"https://eypar.com/en/proyectos/biblioteca-nacional-madrid/#breadcrumb"},"inLanguage":"en-US","potentialAction":[{"@type":"ReadAction","target":["https://eypar.com/en/proyectos/biblioteca-nacional-madrid/"]}]},{"@type":"ImageObject","inLanguage":"en-US","@id":"https://eypar.com/en/proyectos/biblioteca-nacional-madrid/#primaryimage","url":"https://eypar.com/wp-content/uploads/2021/12/BIBLIOTECA-NACIONAL1.jpg","contentUrl":"https://eypar.com/wp-content/uploads/2021/12/BIBLIOTECA-NACIONAL1.jpg","width":720,"height":461},{"@type":"BreadcrumbList","@id":"https://eypar.com/en/proyectos/biblioteca-nacional-madrid/#breadcrumb","itemListElement":[{"@type":"ListItem","position":1,"name":"Inicio","item":"https://eypar.com/en/"},{"@type":"ListItem","position":2,"name":"Proyectos","item":"https://eypar.com/project/"},{"@type":"ListItem","position":3,"name":"Biblioteca Nacional, Madrid"}]},{"@type":"WebSite","@id":"https://eypar.com/#website","url":"https://eypar.com/","name":"EYPAR","description":"","publisher":{"@id":"https://eypar.com/#organization"},"potentialAction":[{"@type":"SearchAction","target":{"@type":"EntryPoint","urlTemplate":"https://eypar.com/?s={search_term_string}"},"query-input":{"@type":"PropertyValueSpecification","valueRequired":true,"valueName":"search_term_string"}}],"inLanguage":"en-US"},{"@type":"Organization","@id":"https://eypar.com/#organization","name":"EYPAR","url":"https://eypar.com/","logo":{"@type":"ImageObject","inLanguage":"en-US","@id":"https://eypar.com/#/schema/logo/image/","url":"https://eypar.com/wp-content/uploads/2021/12/eypar-soluciones-almacenamiento.png","contentUrl":"https://eypar.com/wp-content/uploads/2021/12/eypar-soluciones-almacenamiento.png","width":304,"height":74,"caption":"EYPAR"},"image":{"@id":"https://eypar.com/#/schema/logo/image/"}}]}</script>
<!-- / Yoast SEO plugin. -->

El Ministerio de Cultura adjudica a EYPAR el suministro de un equipo de armarios compactos ELOGIC para instalar en el sótano del módulo 4 de la sede de la Biblioteca Nacional en Alcalá de Henares. El archivo está destinado al depósito de Carteles y Mapas de formatos variados. La capacidad del los armarios suministrados permite [&hellip;]
