{"id":4341,"date":"2021-12-20T13:24:48","date_gmt":"2021-12-20T13:24:48","guid":{"rendered":"https:\/\/eypar.com\/proyectos\/biblioteca-publica-del-estado-en-ceuta\/"},"modified":"2021-12-20T13:24:48","modified_gmt":"2021-12-20T13:24:48","slug":"biblioteca-publica-del-estado-en-ceuta","status":"publish","type":"project","link":"https:\/\/eypar.com\/ca\/project\/biblioteca-publica-del-estado-en-ceuta\/","title":{"rendered":"Biblioteca P\u00fablica del Estado en Ceuta"},"content":{"rendered":"<p>Realizada la instalaci\u00f3n de armarios m\u00f3viles E-DISC con destino a la nueva Biblioteca p\u00fablica del Estado en Ceuta. El proyecto de la nueva biblioteca es obra del equipo Paredes-Pedrosa Arquitectos, que ha dise\u00f1ado un centro de m\u00e1s de 5000 m2 de superficie construida, desarrollado en cinco plantas y una bajo rasante.<\/p>\n","protected":false},"excerpt":{"rendered":"<p>Realizada la instalaci\u00f3n de armarios m\u00f3viles E-DISC con destino a la nueva Biblioteca p\u00fablica del Estado en Ceuta. El proyecto de la nueva biblioteca es obra del equipo Paredes-Pedrosa Arquitectos, que ha dise\u00f1ado un centro de m\u00e1s de 5000 m2 de superficie construida, desarrollado en cinco plantas y una bajo rasante.<\/p>\n","protected":false},"author":1,"featured_media":2952,"template":"","meta":{"_acf_changed":false,"_et_pb_use_builder":"","_et_pb_old_content":"","_et_gb_content_width":"","footnotes":""},"project_category":[],"project_tag":[],"class_list":["post-4341","project","type-project","status-publish","has-post-thumbnail","hentry"],"acf":[],"yoast_head":"<!-- This site is optimized with the Yoast SEO plugin v25.2 - https:\/\/yoast.com\/wordpress\/plugins\/seo\/ -->\n<title>Biblioteca P\u00fablica del Estado en Ceuta - EYPAR<\/title>\n<meta name=\"robots\" content=\"index, follow, max-snippet:-1, max-image-preview:large, max-video-preview:-1\" \/>\n<link rel=\"canonical\" href=\"https:\/\/eypar.com\/ca\/proyectos\/biblioteca-publica-del-estado-en-ceuta\/\" \/>\n<meta property=\"og:locale\" content=\"ca_ES\" \/>\n<meta property=\"og:type\" content=\"article\" \/>\n<meta property=\"og:title\" content=\"Biblioteca P\u00fablica del Estado en Ceuta - EYPAR\" \/>\n<meta property=\"og:description\" content=\"Realizada la instalaci\u00f3n de armarios m\u00f3viles E-DISC con destino a la nueva Biblioteca p\u00fablica del Estado en Ceuta. El proyecto de la nueva biblioteca es obra del equipo Paredes-Pedrosa Arquitectos, que ha dise\u00f1ado un centro de m\u00e1s de 5000 m2 de superficie construida, desarrollado en cinco plantas y una bajo rasante.\" \/>\n<meta property=\"og:url\" content=\"https:\/\/eypar.com\/ca\/proyectos\/biblioteca-publica-del-estado-en-ceuta\/\" \/>\n<meta property=\"og:site_name\" content=\"EYPAR\" \/>\n<meta name=\"twitter:card\" content=\"summary_large_image\" \/>\n<script type=\"application\/ld+json\" class=\"yoast-schema-graph\">{\"@context\":\"https:\/\/schema.org\",\"@graph\":[{\"@type\":\"WebPage\",\"@id\":\"https:\/\/eypar.com\/ca\/proyectos\/biblioteca-publica-del-estado-en-ceuta\/\",\"url\":\"https:\/\/eypar.com\/ca\/proyectos\/biblioteca-publica-del-estado-en-ceuta\/\",\"name\":\"Biblioteca P\u00fablica del Estado en Ceuta - EYPAR\",\"isPartOf\":{\"@id\":\"https:\/\/eypar.com\/#website\"},\"primaryImageOfPage\":{\"@id\":\"https:\/\/eypar.com\/ca\/proyectos\/biblioteca-publica-del-estado-en-ceuta\/#primaryimage\"},\"image\":{\"@id\":\"https:\/\/eypar.com\/ca\/proyectos\/biblioteca-publica-del-estado-en-ceuta\/#primaryimage\"},\"thumbnailUrl\":\"https:\/\/eypar.com\/wp-content\/uploads\/2021\/12\/12-BIBLIOTECA_PUBLICA_DE_CEUTA_3.jpg\",\"datePublished\":\"2021-12-20T13:24:48+00:00\",\"breadcrumb\":{\"@id\":\"https:\/\/eypar.com\/ca\/proyectos\/biblioteca-publica-del-estado-en-ceuta\/#breadcrumb\"},\"inLanguage\":\"ca\",\"potentialAction\":[{\"@type\":\"ReadAction\",\"target\":[\"https:\/\/eypar.com\/ca\/proyectos\/biblioteca-publica-del-estado-en-ceuta\/\"]}]},{\"@type\":\"ImageObject\",\"inLanguage\":\"ca\",\"@id\":\"https:\/\/eypar.com\/ca\/proyectos\/biblioteca-publica-del-estado-en-ceuta\/#primaryimage\",\"url\":\"https:\/\/eypar.com\/wp-content\/uploads\/2021\/12\/12-BIBLIOTECA_PUBLICA_DE_CEUTA_3.jpg\",\"contentUrl\":\"https:\/\/eypar.com\/wp-content\/uploads\/2021\/12\/12-BIBLIOTECA_PUBLICA_DE_CEUTA_3.jpg\",\"width\":538,\"height\":600},{\"@type\":\"BreadcrumbList\",\"@id\":\"https:\/\/eypar.com\/ca\/proyectos\/biblioteca-publica-del-estado-en-ceuta\/#breadcrumb\",\"itemListElement\":[{\"@type\":\"ListItem\",\"position\":1,\"name\":\"Inicio\",\"item\":\"https:\/\/eypar.com\/ca\/\"},{\"@type\":\"ListItem\",\"position\":2,\"name\":\"Proyectos\",\"item\":\"https:\/\/eypar.com\/project\/\"},{\"@type\":\"ListItem\",\"position\":3,\"name\":\"Biblioteca P\u00fablica del Estado en Ceuta\"}]},{\"@type\":\"WebSite\",\"@id\":\"https:\/\/eypar.com\/#website\",\"url\":\"https:\/\/eypar.com\/\",\"name\":\"EYPAR\",\"description\":\"\",\"publisher\":{\"@id\":\"https:\/\/eypar.com\/#organization\"},\"potentialAction\":[{\"@type\":\"SearchAction\",\"target\":{\"@type\":\"EntryPoint\",\"urlTemplate\":\"https:\/\/eypar.com\/?s={search_term_string}\"},\"query-input\":{\"@type\":\"PropertyValueSpecification\",\"valueRequired\":true,\"valueName\":\"search_term_string\"}}],\"inLanguage\":\"ca\"},{\"@type\":\"Organization\",\"@id\":\"https:\/\/eypar.com\/#organization\",\"name\":\"EYPAR\",\"url\":\"https:\/\/eypar.com\/\",\"logo\":{\"@type\":\"ImageObject\",\"inLanguage\":\"ca\",\"@id\":\"https:\/\/eypar.com\/#\/schema\/logo\/image\/\",\"url\":\"https:\/\/eypar.com\/wp-content\/uploads\/2021\/12\/eypar-soluciones-almacenamiento.png\",\"contentUrl\":\"https:\/\/eypar.com\/wp-content\/uploads\/2021\/12\/eypar-soluciones-almacenamiento.png\",\"width\":304,\"height\":74,\"caption\":\"EYPAR\"},\"image\":{\"@id\":\"https:\/\/eypar.com\/#\/schema\/logo\/image\/\"}}]}<\/script>\n<!-- \/ Yoast SEO plugin. -->","yoast_head_json":{"title":"Biblioteca P\u00fablica del Estado en Ceuta - EYPAR","robots":{"index":"index","follow":"follow","max-snippet":"max-snippet:-1","max-image-preview":"max-image-preview:large","max-video-preview":"max-video-preview:-1"},"canonical":"https:\/\/eypar.com\/ca\/proyectos\/biblioteca-publica-del-estado-en-ceuta\/","og_locale":"ca_ES","og_type":"article","og_title":"Biblioteca P\u00fablica del Estado en Ceuta - EYPAR","og_description":"Realizada la instalaci\u00f3n de armarios m\u00f3viles E-DISC con destino a la nueva Biblioteca p\u00fablica del Estado en Ceuta. El proyecto de la nueva biblioteca es obra del equipo Paredes-Pedrosa Arquitectos, que ha dise\u00f1ado un centro de m\u00e1s de 5000 m2 de superficie construida, desarrollado en cinco plantas y una bajo rasante.","og_url":"https:\/\/eypar.com\/ca\/proyectos\/biblioteca-publica-del-estado-en-ceuta\/","og_site_name":"EYPAR","twitter_card":"summary_large_image","schema":{"@context":"https:\/\/schema.org","@graph":[{"@type":"WebPage","@id":"https:\/\/eypar.com\/ca\/proyectos\/biblioteca-publica-del-estado-en-ceuta\/","url":"https:\/\/eypar.com\/ca\/proyectos\/biblioteca-publica-del-estado-en-ceuta\/","name":"Biblioteca P\u00fablica del Estado en Ceuta - EYPAR","isPartOf":{"@id":"https:\/\/eypar.com\/#website"},"primaryImageOfPage":{"@id":"https:\/\/eypar.com\/ca\/proyectos\/biblioteca-publica-del-estado-en-ceuta\/#primaryimage"},"image":{"@id":"https:\/\/eypar.com\/ca\/proyectos\/biblioteca-publica-del-estado-en-ceuta\/#primaryimage"},"thumbnailUrl":"https:\/\/eypar.com\/wp-content\/uploads\/2021\/12\/12-BIBLIOTECA_PUBLICA_DE_CEUTA_3.jpg","datePublished":"2021-12-20T13:24:48+00:00","breadcrumb":{"@id":"https:\/\/eypar.com\/ca\/proyectos\/biblioteca-publica-del-estado-en-ceuta\/#breadcrumb"},"inLanguage":"ca","potentialAction":[{"@type":"ReadAction","target":["https:\/\/eypar.com\/ca\/proyectos\/biblioteca-publica-del-estado-en-ceuta\/"]}]},{"@type":"ImageObject","inLanguage":"ca","@id":"https:\/\/eypar.com\/ca\/proyectos\/biblioteca-publica-del-estado-en-ceuta\/#primaryimage","url":"https:\/\/eypar.com\/wp-content\/uploads\/2021\/12\/12-BIBLIOTECA_PUBLICA_DE_CEUTA_3.jpg","contentUrl":"https:\/\/eypar.com\/wp-content\/uploads\/2021\/12\/12-BIBLIOTECA_PUBLICA_DE_CEUTA_3.jpg","width":538,"height":600},{"@type":"BreadcrumbList","@id":"https:\/\/eypar.com\/ca\/proyectos\/biblioteca-publica-del-estado-en-ceuta\/#breadcrumb","itemListElement":[{"@type":"ListItem","position":1,"name":"Inicio","item":"https:\/\/eypar.com\/ca\/"},{"@type":"ListItem","position":2,"name":"Proyectos","item":"https:\/\/eypar.com\/project\/"},{"@type":"ListItem","position":3,"name":"Biblioteca P\u00fablica del Estado en Ceuta"}]},{"@type":"WebSite","@id":"https:\/\/eypar.com\/#website","url":"https:\/\/eypar.com\/","name":"EYPAR","description":"","publisher":{"@id":"https:\/\/eypar.com\/#organization"},"potentialAction":[{"@type":"SearchAction","target":{"@type":"EntryPoint","urlTemplate":"https:\/\/eypar.com\/?s={search_term_string}"},"query-input":{"@type":"PropertyValueSpecification","valueRequired":true,"valueName":"search_term_string"}}],"inLanguage":"ca"},{"@type":"Organization","@id":"https:\/\/eypar.com\/#organization","name":"EYPAR","url":"https:\/\/eypar.com\/","logo":{"@type":"ImageObject","inLanguage":"ca","@id":"https:\/\/eypar.com\/#\/schema\/logo\/image\/","url":"https:\/\/eypar.com\/wp-content\/uploads\/2021\/12\/eypar-soluciones-almacenamiento.png","contentUrl":"https:\/\/eypar.com\/wp-content\/uploads\/2021\/12\/eypar-soluciones-almacenamiento.png","width":304,"height":74,"caption":"EYPAR"},"image":{"@id":"https:\/\/eypar.com\/#\/schema\/logo\/image\/"}}]}},"_links":{"self":[{"href":"https:\/\/eypar.com\/ca\/wp-json\/wp\/v2\/project\/4341"}],"collection":[{"href":"https:\/\/eypar.com\/ca\/wp-json\/wp\/v2\/project"}],"about":[{"href":"https:\/\/eypar.com\/ca\/wp-json\/wp\/v2\/types\/project"}],"author":[{"embeddable":true,"href":"https:\/\/eypar.com\/ca\/wp-json\/wp\/v2\/users\/1"}],"version-history":[{"count":0,"href":"https:\/\/eypar.com\/ca\/wp-json\/wp\/v2\/project\/4341\/revisions"}],"wp:featuredmedia":[{"embeddable":true,"href":"https:\/\/eypar.com\/ca\/wp-json\/wp\/v2\/media\/2952"}],"wp:attachment":[{"href":"https:\/\/eypar.com\/ca\/wp-json\/wp\/v2\/media?parent=4341"}],"wp:term":[{"taxonomy":"project_category","embeddable":true,"href":"https:\/\/eypar.com\/ca\/wp-json\/wp\/v2\/project_category?post=4341"},{"taxonomy":"project_tag","embeddable":true,"href":"https:\/\/eypar.com\/ca\/wp-json\/wp\/v2\/project_tag?post=4341"}],"curies":[{"name":"wp","href":"https:\/\/api.w.org\/{rel}","templated":true}]}}

Biblioteca Pública del Estado en Ceuta

<p>Realizada la instalación de armarios móviles E-DISC con destino a la nueva Biblioteca pública del Estado en Ceuta. El proyecto de la nueva biblioteca es obra del equipo Paredes-Pedrosa Arquitectos, que ha diseñado un centro de más de 5000 m2 de superficie construida, desarrollado en cinco plantas y una bajo rasante.</p>

<!-- This site is optimized with the Yoast SEO plugin v25.2 - https://yoast.com/wordpress/plugins/seo/ -->
<title>Biblioteca Pública del Estado en Ceuta - EYPAR</title>
<meta name="robots" content="index, follow, max-snippet:-1, max-image-preview:large, max-video-preview:-1" />
<link rel="canonical" href="https://eypar.com/ca/proyectos/biblioteca-publica-del-estado-en-ceuta/" />
<meta property="og:locale" content="ca_ES" />
<meta property="og:type" content="article" />
<meta property="og:title" content="Biblioteca Pública del Estado en Ceuta - EYPAR" />
<meta property="og:description" content="Realizada la instalación de armarios móviles E-DISC con destino a la nueva Biblioteca pública del Estado en Ceuta. El proyecto de la nueva biblioteca es obra del equipo Paredes-Pedrosa Arquitectos, que ha diseñado un centro de más de 5000 m2 de superficie construida, desarrollado en cinco plantas y una bajo rasante." />
<meta property="og:url" content="https://eypar.com/ca/proyectos/biblioteca-publica-del-estado-en-ceuta/" />
<meta property="og:site_name" content="EYPAR" />
<meta name="twitter:card" content="summary_large_image" />
<script type="application/ld+json" class="yoast-schema-graph">{"@context":"https://schema.org","@graph":[{"@type":"WebPage","@id":"https://eypar.com/ca/proyectos/biblioteca-publica-del-estado-en-ceuta/","url":"https://eypar.com/ca/proyectos/biblioteca-publica-del-estado-en-ceuta/","name":"Biblioteca Pública del Estado en Ceuta - EYPAR","isPartOf":{"@id":"https://eypar.com/#website"},"primaryImageOfPage":{"@id":"https://eypar.com/ca/proyectos/biblioteca-publica-del-estado-en-ceuta/#primaryimage"},"image":{"@id":"https://eypar.com/ca/proyectos/biblioteca-publica-del-estado-en-ceuta/#primaryimage"},"thumbnailUrl":"https://eypar.com/wp-content/uploads/2021/12/12-BIBLIOTECA_PUBLICA_DE_CEUTA_3.jpg","datePublished":"2021-12-20T13:24:48+00:00","breadcrumb":{"@id":"https://eypar.com/ca/proyectos/biblioteca-publica-del-estado-en-ceuta/#breadcrumb"},"inLanguage":"ca","potentialAction":[{"@type":"ReadAction","target":["https://eypar.com/ca/proyectos/biblioteca-publica-del-estado-en-ceuta/"]}]},{"@type":"ImageObject","inLanguage":"ca","@id":"https://eypar.com/ca/proyectos/biblioteca-publica-del-estado-en-ceuta/#primaryimage","url":"https://eypar.com/wp-content/uploads/2021/12/12-BIBLIOTECA_PUBLICA_DE_CEUTA_3.jpg","contentUrl":"https://eypar.com/wp-content/uploads/2021/12/12-BIBLIOTECA_PUBLICA_DE_CEUTA_3.jpg","width":538,"height":600},{"@type":"BreadcrumbList","@id":"https://eypar.com/ca/proyectos/biblioteca-publica-del-estado-en-ceuta/#breadcrumb","itemListElement":[{"@type":"ListItem","position":1,"name":"Inicio","item":"https://eypar.com/ca/"},{"@type":"ListItem","position":2,"name":"Proyectos","item":"https://eypar.com/project/"},{"@type":"ListItem","position":3,"name":"Biblioteca Pública del Estado en Ceuta"}]},{"@type":"WebSite","@id":"https://eypar.com/#website","url":"https://eypar.com/","name":"EYPAR","description":"","publisher":{"@id":"https://eypar.com/#organization"},"potentialAction":[{"@type":"SearchAction","target":{"@type":"EntryPoint","urlTemplate":"https://eypar.com/?s={search_term_string}"},"query-input":{"@type":"PropertyValueSpecification","valueRequired":true,"valueName":"search_term_string"}}],"inLanguage":"ca"},{"@type":"Organization","@id":"https://eypar.com/#organization","name":"EYPAR","url":"https://eypar.com/","logo":{"@type":"ImageObject","inLanguage":"ca","@id":"https://eypar.com/#/schema/logo/image/","url":"https://eypar.com/wp-content/uploads/2021/12/eypar-soluciones-almacenamiento.png","contentUrl":"https://eypar.com/wp-content/uploads/2021/12/eypar-soluciones-almacenamiento.png","width":304,"height":74,"caption":"EYPAR"},"image":{"@id":"https://eypar.com/#/schema/logo/image/"}}]}</script>
<!-- / Yoast SEO plugin. -->

Biblioteca Pública del Estado en Ceuta - EYPAR

Realizada la instalación de armarios móviles E-DISC con destino a la nueva Biblioteca pública del Estado en Ceuta. El proyecto de la nueva biblioteca es obra del equipo Paredes-Pedrosa Arquitectos, que ha diseñado un centro de más de 5000 m2 de superficie construida, desarrollado en cinco plantas y una bajo rasante.
