{"id":4262,"date":"2021-12-20T08:55:28","date_gmt":"2021-12-20T07:55:28","guid":{"rendered":"https:\/\/eypar.com\/produccion\/"},"modified":"2023-05-04T11:36:43","modified_gmt":"2023-05-04T09:36:43","slug":"produccion","status":"publish","type":"page","link":"https:\/\/eypar.com\/ca\/empresa\/produccion\/","title":{"rendered":"Producci\u00f3"},"content":{"rendered":"<p>[et_pb_section fb_built=&#8221;1&#8243; custom_padding_last_edited=&#8221;on|phone&#8221; _builder_version=&#8221;4.16&#8243; _module_preset=&#8221;default&#8221; use_background_color_gradient=&#8221;on&#8221; background_color_gradient_stops=&#8221;#ffffff 0%|rgba(255,255,255,0.64) 100%&#8221; background_color_gradient_overlays_image=&#8221;on&#8221; background_color_gradient_start=&#8221;#ffffff&#8221; background_color_gradient_end=&#8221;rgba(255,255,255,0.64)&#8221; background_image=&#8221;https:\/\/eypar.com\/wp-content\/uploads\/2021\/12\/produccion.jpg&#8221; custom_margin=&#8221;0px||0px||false|false&#8221; custom_padding=&#8221;250px||100px||false|false&#8221; custom_padding_tablet=&#8221;&#8221; custom_padding_phone=&#8221;150px||100px||false|false&#8221; bottom_divider_style=&#8221;curve&#8221; bottom_divider_color=&#8221;#FFFFFF&#8221; locked=&#8221;off&#8221; global_colors_info=&#8221;{}&#8221;][et_pb_row _builder_version=&#8221;4.16&#8243; _module_preset=&#8221;default&#8221; width=&#8221;100%&#8221; max_width=&#8221;100%&#8221; custom_margin=&#8221;0px||0px||false|false&#8221; custom_padding=&#8221;0px||0px||false|false&#8221; global_colors_info=&#8221;{}&#8221;][et_pb_column type=&#8221;4_4&#8243; _builder_version=&#8221;4.16&#8243; _module_preset=&#8221;default&#8221; global_colors_info=&#8221;{}&#8221;][et_pb_text _builder_version=&#8221;4.20.2&#8243; _module_preset=&#8221;default&#8221; text_font=&#8221;|300|||||||&#8221; text_text_color=&#8221;#272526&#8243; text_font_size=&#8221;24px&#8221; text_line_height=&#8221;1.4em&#8221; header_font=&#8221;|700|||||||&#8221; header_text_color=&#8221;#81BA50&#8243; text_orientation=&#8221;center&#8221; animation_style=&#8221;slide&#8221; animation_direction=&#8221;top&#8221; hover_enabled=&#8221;0&#8243; text_font_size_tablet=&#8221;&#8221; text_font_size_phone=&#8221;19px&#8221; text_font_size_last_edited=&#8221;on|phone&#8221; header_font_size_tablet=&#8221;&#8221; header_font_size_phone=&#8221;40px&#8221; header_font_size_last_edited=&#8221;on|phone&#8221; global_colors_info=&#8221;{}&#8221; sticky_enabled=&#8221;0&#8243;]<\/p>\n<h1>Producci\u00f3<\/h1>\n<p><strong>2.500 metres quadrats<\/strong> amb possibilitat d&#8217;ampliaci\u00f3 fins a 5.000[\/et_pb_text][\/et_pb_column][\/et_pb_row][\/et_pb_section][et_pb_section fb_built=&#8221;1&#8243; _builder_version=&#8221;4.16&#8243; _module_preset=&#8221;default&#8221; global_colors_info=&#8221;{}&#8221;][et_pb_row column_structure=&#8221;3_5,2_5&#8243; _builder_version=&#8221;4.16&#8243; _module_preset=&#8221;default&#8221; global_colors_info=&#8221;{}&#8221;][et_pb_column type=&#8221;3_5&#8243; _builder_version=&#8221;4.16&#8243; _module_preset=&#8221;default&#8221; global_colors_info=&#8221;{}&#8221;][et_pb_text _builder_version=&#8221;4.20.2&#8243; _module_preset=&#8221;default&#8221; hover_enabled=&#8221;0&#8243; global_colors_info=&#8221;{}&#8221; sticky_enabled=&#8221;0&#8243;]<\/p>\n<p style=\"text-align: justify;\">Disposem actualment d&#8217;un centre de producci\u00f3 de 2.500 metres quadrats, situat a la localitat de Melide, La Corunya, amb una capacitat productiva anual de 250.000 metres lineals.<\/p>\n<p>La nostra xarxa comercial i de servei postvenda, \u00e9s capa\u00e7 d&#8217;atendre les necessitats del mercat actual, garantint una cobertura a qualsevol punt de la geografia nacional en un termini no superior a 24 Hores. Un t\u00e8cnic comercial es despla\u00e7a fins al lloc del possible subministrament per veure les caracter\u00edstiques del local on s&#8217;ubicar\u00e0 la instalaci\u00f3 i definir\u00e0 juntament amb l&#8217;usuari les seves necessitats i caracter\u00edstiques.<\/p>\n<p style=\"text-align: justify;\">Disposem en l&#8217;actualitat de sis marques de producte totalment desenvolupades, la fam\u00edlia de compactes <strong>OFI-KIT<\/strong> mini-compacte, <strong>E-DISC<\/strong> armaris de despla\u00e7ament manual, ELOGIC armaris automatitzats i <strong>GRENBLOCK<\/strong> desenvolupats per a equipament en clubs de golf. Completen la gamma les l\u00ednies <strong>BLOCKART<\/strong> equipament en museus i pinacoteques i <strong>STANDBOOK<\/strong> mobiliari per a biblioteques.<\/p>\n<p style=\"text-align: justify;\">Recentment hem incorporat una nova evoluci\u00f3 de <strong>ELOGIC<\/strong>. \u00c9s un sistema que permet aprofitar encara m\u00e9s l&#8217;espai en al\u00e7ada. <strong>ELOGIC\/Plus<\/strong> permet la creaci\u00f3 d&#8217;una o dues entreplantes, podent assolir els vuit metres d&#8217;al\u00e7ada.<\/p>\n<p>[\/et_pb_text][\/et_pb_column][et_pb_column type=&#8221;2_5&#8243; _builder_version=&#8221;4.16&#8243; _module_preset=&#8221;default&#8221; global_colors_info=&#8221;{}&#8221;][et_pb_gallery gallery_ids=&#8221;1143,1144,1145,1146,1147,1148,1149,1150&#8243; posts_number=&#8221;100&#8243; show_title_and_caption=&#8221;off&#8221; show_pagination=&#8221;off&#8221; module_class=&#8221;galeria-prod&#8221; _builder_version=&#8221;4.16&#8243; _module_preset=&#8221;default&#8221; locked=&#8221;off&#8221; global_colors_info=&#8221;{}&#8221;][\/et_pb_gallery][\/et_pb_column][\/et_pb_row][\/et_pb_section]<\/p>\n","protected":false},"excerpt":{"rendered":"<p>Producci\u00f3 2.500 metres quadrats amb possibilitat d&#8217;ampliaci\u00f3 fins a 5.000Disposem actualment d&#8217;un centre de producci\u00f3 de 2.500 metres quadrats, situat a la localitat de Melide, La Corunya, amb una capacitat productiva anual de 250.000 metres lineals. La nostra xarxa comercial i de servei postvenda, \u00e9s capa\u00e7 d&#8217;atendre les necessitats del mercat actual, garantint una cobertura [&hellip;]<\/p>\n","protected":false},"author":1,"featured_media":0,"parent":4296,"menu_order":0,"comment_status":"closed","ping_status":"closed","template":"","meta":{"_acf_changed":false,"_et_pb_use_builder":"on","_et_pb_old_content":"","_et_gb_content_width":"","footnotes":""},"class_list":["post-4262","page","type-page","status-publish","hentry"],"acf":[],"yoast_head":"<!-- This site is optimized with the Yoast SEO plugin v25.2 - https:\/\/yoast.com\/wordpress\/plugins\/seo\/ -->\n<title>Producci\u00f3 - EYPAR<\/title>\n<meta name=\"robots\" content=\"index, follow, max-snippet:-1, max-image-preview:large, max-video-preview:-1\" \/>\n<link rel=\"canonical\" href=\"https:\/\/eypar.com\/ca\/empresa\/produccion\/\" \/>\n<meta property=\"og:locale\" content=\"ca_ES\" \/>\n<meta property=\"og:type\" content=\"article\" \/>\n<meta property=\"og:title\" content=\"Producci\u00f3 - EYPAR\" \/>\n<meta property=\"og:description\" content=\"Producci\u00f3 2.500 metres quadrats amb possibilitat d&#039;ampliaci\u00f3 fins a 5.000Disposem actualment d&#039;un centre de producci\u00f3 de 2.500 metres quadrats, situat a la localitat de Melide, La Corunya, amb una capacitat productiva anual de 250.000 metres lineals. La nostra xarxa comercial i de servei postvenda, \u00e9s capa\u00e7 d&#039;atendre les necessitats del mercat actual, garantint una cobertura [&hellip;]\" \/>\n<meta property=\"og:url\" content=\"https:\/\/eypar.com\/ca\/empresa\/produccion\/\" \/>\n<meta property=\"og:site_name\" content=\"EYPAR\" \/>\n<meta property=\"article:modified_time\" content=\"2023-05-04T09:36:43+00:00\" \/>\n<meta name=\"twitter:card\" content=\"summary_large_image\" \/>\n<meta name=\"twitter:label1\" content=\"Temps estimat de lectura\" \/>\n\t<meta name=\"twitter:data1\" content=\"2 minuts\" \/>\n<script type=\"application\/ld+json\" class=\"yoast-schema-graph\">{\"@context\":\"https:\/\/schema.org\",\"@graph\":[{\"@type\":\"WebPage\",\"@id\":\"https:\/\/eypar.com\/ca\/empresa\/produccion\/\",\"url\":\"https:\/\/eypar.com\/ca\/empresa\/produccion\/\",\"name\":\"Producci\u00f3 - EYPAR\",\"isPartOf\":{\"@id\":\"https:\/\/eypar.com\/#website\"},\"datePublished\":\"2021-12-20T07:55:28+00:00\",\"dateModified\":\"2023-05-04T09:36:43+00:00\",\"breadcrumb\":{\"@id\":\"https:\/\/eypar.com\/ca\/empresa\/produccion\/#breadcrumb\"},\"inLanguage\":\"ca\",\"potentialAction\":[{\"@type\":\"ReadAction\",\"target\":[\"https:\/\/eypar.com\/ca\/empresa\/produccion\/\"]}]},{\"@type\":\"BreadcrumbList\",\"@id\":\"https:\/\/eypar.com\/ca\/empresa\/produccion\/#breadcrumb\",\"itemListElement\":[{\"@type\":\"ListItem\",\"position\":1,\"name\":\"Inicio\",\"item\":\"https:\/\/eypar.com\/ca\/\"},{\"@type\":\"ListItem\",\"position\":2,\"name\":\"Empresa\",\"item\":\"https:\/\/eypar.com\/?page_id=4296&lang=ca\"},{\"@type\":\"ListItem\",\"position\":3,\"name\":\"Producci\u00f3\"}]},{\"@type\":\"WebSite\",\"@id\":\"https:\/\/eypar.com\/#website\",\"url\":\"https:\/\/eypar.com\/\",\"name\":\"EYPAR\",\"description\":\"\",\"publisher\":{\"@id\":\"https:\/\/eypar.com\/#organization\"},\"potentialAction\":[{\"@type\":\"SearchAction\",\"target\":{\"@type\":\"EntryPoint\",\"urlTemplate\":\"https:\/\/eypar.com\/?s={search_term_string}\"},\"query-input\":{\"@type\":\"PropertyValueSpecification\",\"valueRequired\":true,\"valueName\":\"search_term_string\"}}],\"inLanguage\":\"ca\"},{\"@type\":\"Organization\",\"@id\":\"https:\/\/eypar.com\/#organization\",\"name\":\"EYPAR\",\"url\":\"https:\/\/eypar.com\/\",\"logo\":{\"@type\":\"ImageObject\",\"inLanguage\":\"ca\",\"@id\":\"https:\/\/eypar.com\/#\/schema\/logo\/image\/\",\"url\":\"https:\/\/eypar.com\/wp-content\/uploads\/2021\/12\/eypar-soluciones-almacenamiento.png\",\"contentUrl\":\"https:\/\/eypar.com\/wp-content\/uploads\/2021\/12\/eypar-soluciones-almacenamiento.png\",\"width\":304,\"height\":74,\"caption\":\"EYPAR\"},\"image\":{\"@id\":\"https:\/\/eypar.com\/#\/schema\/logo\/image\/\"}}]}<\/script>\n<!-- \/ Yoast SEO plugin. -->","yoast_head_json":{"title":"Producci\u00f3 - EYPAR","robots":{"index":"index","follow":"follow","max-snippet":"max-snippet:-1","max-image-preview":"max-image-preview:large","max-video-preview":"max-video-preview:-1"},"canonical":"https:\/\/eypar.com\/ca\/empresa\/produccion\/","og_locale":"ca_ES","og_type":"article","og_title":"Producci\u00f3 - EYPAR","og_description":"Producci\u00f3 2.500 metres quadrats amb possibilitat d'ampliaci\u00f3 fins a 5.000Disposem actualment d'un centre de producci\u00f3 de 2.500 metres quadrats, situat a la localitat de Melide, La Corunya, amb una capacitat productiva anual de 250.000 metres lineals. La nostra xarxa comercial i de servei postvenda, \u00e9s capa\u00e7 d'atendre les necessitats del mercat actual, garantint una cobertura [&hellip;]","og_url":"https:\/\/eypar.com\/ca\/empresa\/produccion\/","og_site_name":"EYPAR","article_modified_time":"2023-05-04T09:36:43+00:00","twitter_card":"summary_large_image","twitter_misc":{"Temps estimat de lectura":"2 minuts"},"schema":{"@context":"https:\/\/schema.org","@graph":[{"@type":"WebPage","@id":"https:\/\/eypar.com\/ca\/empresa\/produccion\/","url":"https:\/\/eypar.com\/ca\/empresa\/produccion\/","name":"Producci\u00f3 - EYPAR","isPartOf":{"@id":"https:\/\/eypar.com\/#website"},"datePublished":"2021-12-20T07:55:28+00:00","dateModified":"2023-05-04T09:36:43+00:00","breadcrumb":{"@id":"https:\/\/eypar.com\/ca\/empresa\/produccion\/#breadcrumb"},"inLanguage":"ca","potentialAction":[{"@type":"ReadAction","target":["https:\/\/eypar.com\/ca\/empresa\/produccion\/"]}]},{"@type":"BreadcrumbList","@id":"https:\/\/eypar.com\/ca\/empresa\/produccion\/#breadcrumb","itemListElement":[{"@type":"ListItem","position":1,"name":"Inicio","item":"https:\/\/eypar.com\/ca\/"},{"@type":"ListItem","position":2,"name":"Empresa","item":"https:\/\/eypar.com\/?page_id=4296&lang=ca"},{"@type":"ListItem","position":3,"name":"Producci\u00f3"}]},{"@type":"WebSite","@id":"https:\/\/eypar.com\/#website","url":"https:\/\/eypar.com\/","name":"EYPAR","description":"","publisher":{"@id":"https:\/\/eypar.com\/#organization"},"potentialAction":[{"@type":"SearchAction","target":{"@type":"EntryPoint","urlTemplate":"https:\/\/eypar.com\/?s={search_term_string}"},"query-input":{"@type":"PropertyValueSpecification","valueRequired":true,"valueName":"search_term_string"}}],"inLanguage":"ca"},{"@type":"Organization","@id":"https:\/\/eypar.com\/#organization","name":"EYPAR","url":"https:\/\/eypar.com\/","logo":{"@type":"ImageObject","inLanguage":"ca","@id":"https:\/\/eypar.com\/#\/schema\/logo\/image\/","url":"https:\/\/eypar.com\/wp-content\/uploads\/2021\/12\/eypar-soluciones-almacenamiento.png","contentUrl":"https:\/\/eypar.com\/wp-content\/uploads\/2021\/12\/eypar-soluciones-almacenamiento.png","width":304,"height":74,"caption":"EYPAR"},"image":{"@id":"https:\/\/eypar.com\/#\/schema\/logo\/image\/"}}]}},"_links":{"self":[{"href":"https:\/\/eypar.com\/ca\/wp-json\/wp\/v2\/pages\/4262"}],"collection":[{"href":"https:\/\/eypar.com\/ca\/wp-json\/wp\/v2\/pages"}],"about":[{"href":"https:\/\/eypar.com\/ca\/wp-json\/wp\/v2\/types\/page"}],"author":[{"embeddable":true,"href":"https:\/\/eypar.com\/ca\/wp-json\/wp\/v2\/users\/1"}],"replies":[{"embeddable":true,"href":"https:\/\/eypar.com\/ca\/wp-json\/wp\/v2\/comments?post=4262"}],"version-history":[{"count":3,"href":"https:\/\/eypar.com\/ca\/wp-json\/wp\/v2\/pages\/4262\/revisions"}],"predecessor-version":[{"id":5386,"href":"https:\/\/eypar.com\/ca\/wp-json\/wp\/v2\/pages\/4262\/revisions\/5386"}],"up":[{"embeddable":true,"href":"https:\/\/eypar.com\/ca\/wp-json\/wp\/v2\/pages\/4296"}],"wp:attachment":[{"href":"https:\/\/eypar.com\/ca\/wp-json\/wp\/v2\/media?parent=4262"}],"curies":[{"name":"wp","href":"https:\/\/api.w.org\/{rel}","templated":true}]}}

Producció

<p>[et_pb_section fb_built=&#8221;1&#8243; custom_padding_last_edited=&#8221;on|phone&#8221; _builder_version=&#8221;4.16&#8243; _module_preset=&#8221;default&#8221; use_background_color_gradient=&#8221;on&#8221; background_color_gradient_stops=&#8221;#ffffff 0%|rgba(255,255,255,0.64) 100%&#8221; background_color_gradient_overlays_image=&#8221;on&#8221; background_color_gradient_start=&#8221;#ffffff&#8221; background_color_gradient_end=&#8221;rgba(255,255,255,0.64)&#8221; background_image=&#8221;https://eypar.com/wp-content/uploads/2021/12/produccion.jpg&#8221; custom_margin=&#8221;0px||0px||false|false&#8221; custom_padding=&#8221;250px||100px||false|false&#8221; custom_padding_tablet=&#8221;&#8221; custom_padding_phone=&#8221;150px||100px||false|false&#8221; bottom_divider_style=&#8221;curve&#8221; bottom_divider_color=&#8221;#FFFFFF&#8221; locked=&#8221;off&#8221; global_colors_info=&#8221;{}&#8221;][et_pb_row _builder_version=&#8221;4.16&#8243; _module_preset=&#8221;default&#8221; width=&#8221;100%&#8221; max_width=&#8221;100%&#8221; custom_margin=&#8221;0px||0px||false|false&#8221; custom_padding=&#8221;0px||0px||false|false&#8221; global_colors_info=&#8221;{}&#8221;][et_pb_column type=&#8221;4_4&#8243; _builder_version=&#8221;4.16&#8243; _module_preset=&#8221;default&#8221; global_colors_info=&#8221;{}&#8221;][et_pb_text _builder_version=&#8221;4.20.2&#8243; _module_preset=&#8221;default&#8221; text_font=&#8221;|300|||||||&#8221; text_text_color=&#8221;#272526&#8243; text_font_size=&#8221;24px&#8221; text_line_height=&#8221;1.4em&#8221; header_font=&#8221;|700|||||||&#8221; header_text_color=&#8221;#81BA50&#8243; text_orientation=&#8221;center&#8221; animation_style=&#8221;slide&#8221; animation_direction=&#8221;top&#8221; hover_enabled=&#8221;0&#8243; text_font_size_tablet=&#8221;&#8221; text_font_size_phone=&#8221;19px&#8221; text_font_size_last_edited=&#8221;on|phone&#8221; header_font_size_tablet=&#8221;&#8221; header_font_size_phone=&#8221;40px&#8221; header_font_size_last_edited=&#8221;on|phone&#8221; global_colors_info=&#8221;{}&#8221; sticky_enabled=&#8221;0&#8243;]</p>
<h1>Producció</h1>
<p><strong>2.500 metres quadrats</strong> amb possibilitat d&#8217;ampliació fins a 5.000[/et_pb_text][/et_pb_column][/et_pb_row][/et_pb_section][et_pb_section fb_built=&#8221;1&#8243; _builder_version=&#8221;4.16&#8243; _module_preset=&#8221;default&#8221; global_colors_info=&#8221;{}&#8221;][et_pb_row column_structure=&#8221;3_5,2_5&#8243; _builder_version=&#8221;4.16&#8243; _module_preset=&#8221;default&#8221; global_colors_info=&#8221;{}&#8221;][et_pb_column type=&#8221;3_5&#8243; _builder_version=&#8221;4.16&#8243; _module_preset=&#8221;default&#8221; global_colors_info=&#8221;{}&#8221;][et_pb_text _builder_version=&#8221;4.20.2&#8243; _module_preset=&#8221;default&#8221; hover_enabled=&#8221;0&#8243; global_colors_info=&#8221;{}&#8221; sticky_enabled=&#8221;0&#8243;]</p>
<p style="text-align: justify;">Disposem actualment d&#8217;un centre de producció de 2.500 metres quadrats, situat a la localitat de Melide, La Corunya, amb una capacitat productiva anual de 250.000 metres lineals.</p>
<p>La nostra xarxa comercial i de servei postvenda, és capaç d&#8217;atendre les necessitats del mercat actual, garantint una cobertura a qualsevol punt de la geografia nacional en un termini no superior a 24 Hores. Un tècnic comercial es desplaça fins al lloc del possible subministrament per veure les característiques del local on s&#8217;ubicarà la instalació i definirà juntament amb l&#8217;usuari les seves necessitats i característiques.</p>
<p style="text-align: justify;">Disposem en l&#8217;actualitat de sis marques de producte totalment desenvolupades, la família de compactes <strong>OFI-KIT</strong> mini-compacte, <strong>E-DISC</strong> armaris de desplaçament manual, ELOGIC armaris automatitzats i <strong>GRENBLOCK</strong> desenvolupats per a equipament en clubs de golf. Completen la gamma les línies <strong>BLOCKART</strong> equipament en museus i pinacoteques i <strong>STANDBOOK</strong> mobiliari per a biblioteques.</p>
<p style="text-align: justify;">Recentment hem incorporat una nova evolució de <strong>ELOGIC</strong>. És un sistema que permet aprofitar encara més l&#8217;espai en alçada. <strong>ELOGIC/Plus</strong> permet la creació d&#8217;una o dues entreplantes, podent assolir els vuit metres d&#8217;alçada.</p>
<p>[/et_pb_text][/et_pb_column][et_pb_column type=&#8221;2_5&#8243; _builder_version=&#8221;4.16&#8243; _module_preset=&#8221;default&#8221; global_colors_info=&#8221;{}&#8221;][et_pb_gallery gallery_ids=&#8221;1143,1144,1145,1146,1147,1148,1149,1150&#8243; posts_number=&#8221;100&#8243; show_title_and_caption=&#8221;off&#8221; show_pagination=&#8221;off&#8221; module_class=&#8221;galeria-prod&#8221; _builder_version=&#8221;4.16&#8243; _module_preset=&#8221;default&#8221; locked=&#8221;off&#8221; global_colors_info=&#8221;{}&#8221;][/et_pb_gallery][/et_pb_column][/et_pb_row][/et_pb_section]</p>

<p>Producció 2.500 metres quadrats amb possibilitat d&#8217;ampliació fins a 5.000Disposem actualment d&#8217;un centre de producció de 2.500 metres quadrats, situat a la localitat de Melide, La Corunya, amb una capacitat productiva anual de 250.000 metres lineals. La nostra xarxa comercial i de servei postvenda, és capaç d&#8217;atendre les necessitats del mercat actual, garantint una cobertura [&hellip;]</p>

<!-- This site is optimized with the Yoast SEO plugin v25.2 - https://yoast.com/wordpress/plugins/seo/ -->
<title>Producció - EYPAR</title>
<meta name="robots" content="index, follow, max-snippet:-1, max-image-preview:large, max-video-preview:-1" />
<link rel="canonical" href="https://eypar.com/ca/empresa/produccion/" />
<meta property="og:locale" content="ca_ES" />
<meta property="og:type" content="article" />
<meta property="og:title" content="Producció - EYPAR" />
<meta property="og:description" content="Producció 2.500 metres quadrats amb possibilitat d&#039;ampliació fins a 5.000Disposem actualment d&#039;un centre de producció de 2.500 metres quadrats, situat a la localitat de Melide, La Corunya, amb una capacitat productiva anual de 250.000 metres lineals. La nostra xarxa comercial i de servei postvenda, és capaç d&#039;atendre les necessitats del mercat actual, garantint una cobertura [&hellip;]" />
<meta property="og:url" content="https://eypar.com/ca/empresa/produccion/" />
<meta property="og:site_name" content="EYPAR" />
<meta property="article:modified_time" content="2023-05-04T09:36:43+00:00" />
<meta name="twitter:card" content="summary_large_image" />
<meta name="twitter:label1" content="Temps estimat de lectura" />
	<meta name="twitter:data1" content="2 minuts" />
<script type="application/ld+json" class="yoast-schema-graph">{"@context":"https://schema.org","@graph":[{"@type":"WebPage","@id":"https://eypar.com/ca/empresa/produccion/","url":"https://eypar.com/ca/empresa/produccion/","name":"Producció - EYPAR","isPartOf":{"@id":"https://eypar.com/#website"},"datePublished":"2021-12-20T07:55:28+00:00","dateModified":"2023-05-04T09:36:43+00:00","breadcrumb":{"@id":"https://eypar.com/ca/empresa/produccion/#breadcrumb"},"inLanguage":"ca","potentialAction":[{"@type":"ReadAction","target":["https://eypar.com/ca/empresa/produccion/"]}]},{"@type":"BreadcrumbList","@id":"https://eypar.com/ca/empresa/produccion/#breadcrumb","itemListElement":[{"@type":"ListItem","position":1,"name":"Inicio","item":"https://eypar.com/ca/"},{"@type":"ListItem","position":2,"name":"Empresa","item":"https://eypar.com/?page_id=4296&lang=ca"},{"@type":"ListItem","position":3,"name":"Producció"}]},{"@type":"WebSite","@id":"https://eypar.com/#website","url":"https://eypar.com/","name":"EYPAR","description":"","publisher":{"@id":"https://eypar.com/#organization"},"potentialAction":[{"@type":"SearchAction","target":{"@type":"EntryPoint","urlTemplate":"https://eypar.com/?s={search_term_string}"},"query-input":{"@type":"PropertyValueSpecification","valueRequired":true,"valueName":"search_term_string"}}],"inLanguage":"ca"},{"@type":"Organization","@id":"https://eypar.com/#organization","name":"EYPAR","url":"https://eypar.com/","logo":{"@type":"ImageObject","inLanguage":"ca","@id":"https://eypar.com/#/schema/logo/image/","url":"https://eypar.com/wp-content/uploads/2021/12/eypar-soluciones-almacenamiento.png","contentUrl":"https://eypar.com/wp-content/uploads/2021/12/eypar-soluciones-almacenamiento.png","width":304,"height":74,"caption":"EYPAR"},"image":{"@id":"https://eypar.com/#/schema/logo/image/"}}]}</script>
<!-- / Yoast SEO plugin. -->

Producció - EYPAR

Producció 2.500 metres quadrats amb possibilitat d'ampliació fins a 5.000Disposem actualment d'un centre de producció de 2.500 metres quadrats, situat a la localitat de Melide, La Corunya, amb una capacitat productiva anual de 250.000 metres lineals. La nostra xarxa comercial i de servei postvenda, és capaç d'atendre les necessitats del mercat actual, garantint una cobertura [&hellip;]
